CRAN Package Check Results for Package edibble

Last updated on 2024-02-29 22:58:43 CET.

Flavor Version Tinstall Tcheck Ttotal Status Flags
r-devel-linux-x86_64-debian-clang 1.1.0 11.87 98.86 110.73 OK
r-devel-linux-x86_64-debian-gcc 1.1.0 9.60 73.52 83.12 OK
r-devel-linux-x86_64-fedora-clang 1.1.0 136.61 NOTE
r-devel-linux-x86_64-fedora-gcc 1.1.0 136.50 OK
r-devel-windows-x86_64 1.1.0 11.00 104.00 115.00 OK
r-patched-linux-x86_64 1.1.0 14.33 94.88 109.21 OK
r-release-linux-x86_64 1.1.0 9.86 95.46 105.32 OK
r-release-macos-arm64 1.1.0 39.00 OK
r-release-macos-x86_64 1.1.0 78.00 OK
r-release-windows-x86_64 1.1.0 15.00 120.00 135.00 OK
r-oldrel-macos-arm64 1.1.0 37.00 OK
r-oldrel-windows-x86_64 1.1.0 14.00 111.00 125.00 OK

Check Details

Version: 1.1.0
Check: Rd cross-references
Result: NOTE Undeclared packages ‘tidyr’, ‘scales’ in Rd xrefs Flavor: r-devel-linux-x86_64-fedora-clang