Last updated on 2023-09-24 22:59:37 CEST.
Flavor | Version | Tinstall | Tcheck | Ttotal | Status | Flags |
---|---|---|---|---|---|---|
r-devel-linux-x86_64-debian-clang | 0.1.8 | 5.50 | 52.04 | 57.54 | OK | |
r-devel-linux-x86_64-debian-gcc | 0.1.8 | 4.54 | 39.62 | 44.16 | OK | |
r-devel-linux-x86_64-fedora-clang | 0.1.8 | 70.79 | NOTE | |||
r-devel-linux-x86_64-fedora-gcc | 0.1.8 | 86.44 | NOTE | |||
r-devel-windows-x86_64 | 0.1.8 | 7.00 | 65.00 | 72.00 | OK | |
r-patched-linux-x86_64 | 0.1.8 | 4.80 | 50.31 | 55.11 | OK | |
r-release-linux-x86_64 | 0.1.8 | 3.97 | 50.60 | 54.57 | OK | |
r-release-macos-arm64 | 0.1.8 | 41.00 | OK | |||
r-release-macos-x86_64 | 0.1.8 | 57.00 | OK | |||
r-release-windows-x86_64 | 0.1.8 | 11.00 | 70.00 | 81.00 | OK | |
r-oldrel-macos-arm64 | 0.1.8 | 29.00 | NOTE | |||
r-oldrel-macos-x86_64 | 0.1.8 | 47.00 | NOTE | |||
r-oldrel-windows-x86_64 | 0.1.8 | 11.00 | 74.00 | 85.00 | OK |
Version: 0.1.8
Check: dependencies in R code
Result: NOTE
Namespaces in Imports field not imported from:
‘dplyr’ ‘magrittr’ ‘tibble’
All declared Imports should be used.
Flavors: r-devel-linux-x86_64-fedora-clang, r-devel-linux-x86_64-fedora-gcc, r-oldrel-macos-arm64, r-oldrel-macos-x86_64