CRAN Package Check Results for Package eegkit

Last updated on 2020-02-21 22:51:05 CET.

Flavor Version Tinstall Tcheck Ttotal Status Flags
r-devel-linux-x86_64-debian-clang 1.0-4 6.03 46.48 52.51 OK
r-devel-linux-x86_64-debian-gcc 1.0-4 4.93 37.47 42.40 OK
r-devel-linux-x86_64-fedora-clang 1.0-4 65.77 OK
r-devel-linux-x86_64-fedora-gcc 1.0-4 66.19 OK
r-devel-windows-ix86+x86_64 1.0-4 16.00 67.00 83.00 OK
r-devel-windows-ix86+x86_64-gcc8 1.0-4 24.00 108.00 132.00 OK
r-patched-linux-x86_64 1.0-4 OK
r-patched-solaris-x86 1.0-4 99.20 OK
r-release-linux-x86_64 1.0-4 5.48 42.79 48.27 OK
r-release-windows-ix86+x86_64 1.0-4 14.00 63.00 77.00 OK
r-release-osx-x86_64 1.0-4 WARN
r-oldrel-windows-ix86+x86_64 1.0-4 7.00 63.00 70.00 OK
r-oldrel-osx-x86_64 1.0-4 OK

Check Details

Version: 1.0-4
Check: whether package can be installed
Result: WARN
    Found the following significant warnings:
     Warning: 'rgl_init' failed, running with rgl.useNULL = TRUE
Flavor: r-release-osx-x86_64