CRAN Package Check Results for Package eegkit

Last updated on 2019-09-22 22:46:45 CEST.

Flavor Version Tinstall Tcheck Ttotal Status Flags
r-devel-linux-x86_64-debian-clang 1.0-4 5.59 41.47 47.06 OK
r-devel-linux-x86_64-debian-gcc 1.0-4 4.18 34.21 38.39 OK
r-devel-linux-x86_64-fedora-clang 1.0-4 57.45 OK
r-devel-linux-x86_64-fedora-gcc 1.0-4 56.79 OK
r-devel-windows-ix86+x86_64 1.0-4 28.00 109.00 137.00 OK
r-patched-linux-x86_64 1.0-4 4.62 41.64 46.26 OK
r-patched-solaris-x86 1.0-4 98.40 OK
r-release-linux-x86_64 1.0-4 4.86 41.92 46.78 OK
r-release-windows-ix86+x86_64 1.0-4 29.00 105.00 134.00 OK
r-release-osx-x86_64 1.0-4 WARN
r-oldrel-windows-ix86+x86_64 1.0-4 9.00 61.00 70.00 OK
r-oldrel-osx-x86_64 1.0-4 OK

Check Details

Version: 1.0-4
Check: whether package can be installed
Result: WARN
    Found the following significant warnings:
     Warning: 'rgl_init' failed, running with rgl.useNULL = TRUE
Flavor: r-release-osx-x86_64