Last updated on 2023-09-21 23:03:18 CEST.
Flavor | Version | Tinstall | Tcheck | Ttotal | Status | Flags |
---|---|---|---|---|---|---|
r-devel-linux-x86_64-debian-clang | 0.1.0 | 6.70 | 264.53 | 271.23 | NOTE | |
r-devel-linux-x86_64-debian-gcc | 0.1.0 | 4.72 | 201.14 | 205.86 | NOTE | |
r-devel-linux-x86_64-fedora-clang | 0.1.0 | 335.49 | NOTE | |||
r-devel-linux-x86_64-fedora-gcc | 0.1.0 | 342.37 | NOTE | |||
r-devel-windows-x86_64 | 0.1.0 | 6.00 | 251.00 | 257.00 | NOTE | |
r-patched-linux-x86_64 | 0.1.0 | 5.57 | 257.03 | 262.60 | NOTE | |
r-release-linux-x86_64 | 0.1.0 | 3.84 | 258.49 | 262.33 | NOTE | |
r-release-macos-arm64 | 0.1.0 | 181.00 | NOTE | |||
r-release-macos-x86_64 | 0.1.0 | 263.00 | NOTE | |||
r-release-windows-x86_64 | 0.1.0 | 8.00 | 292.00 | 300.00 | NOTE | |
r-oldrel-macos-arm64 | 0.1.0 | 153.00 | NOTE | |||
r-oldrel-macos-x86_64 | 0.1.0 | 237.00 | NOTE | |||
r-oldrel-windows-x86_64 | 0.1.0 | 8.00 | 289.00 | 297.00 | NOTE |
Version: 0.1.0
Check: LazyData
Result: NOTE
'LazyData' is specified without a 'data' directory
Flavors: r-devel-linux-x86_64-debian-clang, r-devel-linux-x86_64-debian-gcc, r-devel-linux-x86_64-fedora-clang, r-devel-linux-x86_64-fedora-gcc, r-devel-windows-x86_64, r-patched-linux-x86_64, r-release-linux-x86_64, r-release-macos-arm64, r-release-macos-x86_64, r-release-windows-x86_64, r-oldrel-macos-arm64, r-oldrel-macos-x86_64, r-oldrel-windows-x86_64