CRAN Package Check Results for Package eesim

Last updated on 2024-06-13 22:49:25 CEST.

Flavor Version Tinstall Tcheck Ttotal Status Flags
r-devel-linux-x86_64-debian-clang 0.1.0 5.26 302.27 307.53 NOTE
r-devel-linux-x86_64-debian-gcc 0.1.0 0.35 1.87 2.22 ERROR
r-devel-linux-x86_64-fedora-clang 0.1.0 385.13 NOTE
r-devel-linux-x86_64-fedora-gcc 0.1.0 357.15 NOTE
r-devel-windows-x86_64 0.1.0 6.00 243.00 249.00 NOTE
r-patched-linux-x86_64 0.1.0 5.86 270.05 275.91 NOTE
r-release-linux-x86_64 0.1.0 4.06 276.17 280.23 NOTE
r-release-macos-arm64 0.1.0 167.00 NOTE
r-release-macos-x86_64 0.1.0 380.00 NOTE
r-release-windows-x86_64 0.1.0 8.00 239.00 247.00 NOTE
r-oldrel-macos-arm64 0.1.0 181.00 NOTE
r-oldrel-macos-x86_64 0.1.0 263.00 NOTE
r-oldrel-windows-x86_64 0.1.0 8.00 289.00 297.00 NOTE

Check Details

Version: 0.1.0
Check: Rd files
Result: NOTE checkRd: (-1) eesim.Rd:148-151: Lost braces in \itemize; \value handles \item{}{} directly checkRd: (-1) eesim.Rd:152-155: Lost braces in \itemize; \value handles \item{}{} directly checkRd: (-1) eesim.Rd:156-158: Lost braces in \itemize; \value handles \item{}{} directly Flavors: r-devel-linux-x86_64-debian-clang, r-devel-linux-x86_64-fedora-clang, r-devel-linux-x86_64-fedora-gcc, r-devel-windows-x86_64, r-patched-linux-x86_64, r-release-linux-x86_64, r-release-macos-arm64, r-release-macos-x86_64, r-release-windows-x86_64

Version: 0.1.0
Check: LazyData
Result: NOTE 'LazyData' is specified without a 'data' directory Flavors: r-devel-linux-x86_64-debian-clang, r-devel-linux-x86_64-fedora-clang, r-devel-linux-x86_64-fedora-gcc, r-devel-windows-x86_64, r-patched-linux-x86_64, r-release-linux-x86_64, r-release-macos-arm64, r-release-macos-x86_64, r-release-windows-x86_64, r-oldrel-macos-arm64, r-oldrel-macos-x86_64, r-oldrel-windows-x86_64

Version: 0.1.0
Check: package dependencies
Result: ERROR Packages required but not available: 'dplyr', 'lubridate', 'purrr', 'viridis' Packages suggested but not available for checking: 'ggplot2', 'tidyr' See section ‘The DESCRIPTION file’ in the ‘Writing R Extensions’ manual. Flavor: r-devel-linux-x86_64-debian-gcc