CRAN Package Check Results for Package ei

Last updated on 2019-09-20 22:50:00 CEST.

Flavor Version Tinstall Tcheck Ttotal Status Flags
r-devel-linux-x86_64-debian-clang 1.3-3 12.29 109.02 121.31 OK
r-devel-linux-x86_64-debian-gcc 1.3-3 10.80 83.11 93.91 OK
r-devel-linux-x86_64-fedora-clang 1.3-3 144.97 OK
r-devel-linux-x86_64-fedora-gcc 1.3-3 142.32 OK
r-devel-windows-ix86+x86_64 1.3-3 34.00 129.00 163.00 OK
r-patched-linux-x86_64 1.3-3 11.32 105.89 117.21 OK
r-patched-solaris-x86 1.3-3 202.50 OK
r-release-linux-x86_64 1.3-3 11.34 105.93 117.27 OK
r-release-windows-ix86+x86_64 1.3-3 23.00 136.00 159.00 OK
r-release-osx-x86_64 1.3-3 FAIL
r-oldrel-windows-ix86+x86_64 1.3-3 15.00 118.00 133.00 OK
r-oldrel-osx-x86_64 1.3-3 OK

Check Details

Version: 1.3-3
Check: dependencies in R code
Result: FAIL
    
Flavor: r-release-osx-x86_64