Last updated on 2024-03-28 23:01:43 CET.
Flavor | Version | Tinstall | Tcheck | Ttotal | Status | Flags |
---|---|---|---|---|---|---|
r-devel-linux-x86_64-debian-clang | 1.0.5 | 11.89 | 57.03 | 68.92 | OK | |
r-devel-linux-x86_64-debian-gcc | 1.0.5 | 12.68 | 43.95 | 56.63 | OK | |
r-devel-linux-x86_64-fedora-clang | 1.0.5 | 94.39 | NOTE | |||
r-devel-linux-x86_64-fedora-gcc | 1.0.5 | 89.74 | NOTE | |||
r-devel-windows-x86_64 | 1.0.5 | 17.00 | 63.00 | 80.00 | OK | |
r-patched-linux-x86_64 | 1.0.5 | 15.76 | 56.26 | 72.02 | OK | |
r-release-linux-x86_64 | 1.0.5 | 12.93 | 54.82 | 67.75 | OK | |
r-release-macos-arm64 | 1.0.5 | 33.00 | OK | |||
r-release-macos-x86_64 | 1.0.5 | 50.00 | OK | |||
r-release-windows-x86_64 | 1.0.5 | 19.00 | 71.00 | 90.00 | OK | |
r-oldrel-macos-arm64 | 1.0.5 | 35.00 | OK | |||
r-oldrel-windows-x86_64 | 1.0.5 | 21.00 | 73.00 | 94.00 | OK |
Version: 1.0.5
Check: data for non-ASCII characters
Result: NOTE
Note: found 1 marked UTF-8 string
Flavors: r-devel-linux-x86_64-fedora-clang, r-devel-linux-x86_64-fedora-gcc