CRAN Package Check Results for Package eigenmodel

Last updated on 2024-07-18 22:49:53 CEST.

Flavor Version Tinstall Tcheck Ttotal Status Flags
r-devel-linux-x86_64-debian-clang 1.11 1.76 34.39 36.15 NOTE
r-devel-linux-x86_64-debian-gcc 1.11 1.63 25.39 27.02 NOTE
r-devel-linux-x86_64-fedora-clang 1.11 47.32 NOTE
r-devel-linux-x86_64-fedora-gcc 1.11 42.74 NOTE
r-devel-windows-x86_64 1.11 4.00 47.00 51.00 NOTE
r-patched-linux-x86_64 1.11 2.81 31.67 34.48 NOTE
r-release-linux-x86_64 1.11 2.41 32.63 35.04 NOTE
r-release-macos-arm64 1.11 17.00 NOTE
r-release-macos-x86_64 1.11 37.00 NOTE
r-release-windows-x86_64 1.11 3.00 46.00 49.00 NOTE
r-oldrel-macos-arm64 1.11 20.00 NOTE
r-oldrel-macos-x86_64 1.11 26.00 NOTE
r-oldrel-windows-x86_64 1.11 4.00 49.00 53.00 NOTE

Check Details

Version: 1.11
Check: package subdirectories
Result: NOTE Problems with news in ‘NEWS.md’: No news entries found. Flavors: r-devel-linux-x86_64-debian-clang, r-devel-linux-x86_64-debian-gcc, r-devel-linux-x86_64-fedora-clang, r-devel-linux-x86_64-fedora-gcc, r-devel-windows-x86_64, r-patched-linux-x86_64, r-release-linux-x86_64, r-release-macos-arm64, r-release-macos-x86_64, r-release-windows-x86_64, r-oldrel-macos-arm64, r-oldrel-macos-x86_64, r-oldrel-windows-x86_64