CRAN Package Check Results for Package elasticnet

Last updated on 2021-09-21 22:51:20 CEST.

Flavor Version Tinstall Tcheck Ttotal Status Flags
r-devel-linux-x86_64-debian-clang 1.3 3.13 30.89 34.02 OK
r-devel-linux-x86_64-debian-gcc 1.3 2.44 23.41 25.85 OK
r-devel-linux-x86_64-fedora-clang 1.3 48.74 OK
r-devel-linux-x86_64-fedora-gcc 1.3 38.94 OK
r-devel-windows-x86_64 1.3 5.00 34.00 39.00 OK
r-devel-windows-x86_64-gcc10-UCRT 1.3 ERROR
r-patched-linux-x86_64 1.3 3.60 29.28 32.88 OK
r-patched-solaris-x86 1.3 58.50 OK
r-release-linux-x86_64 1.3 2.58 28.94 31.52 OK
r-release-macos-arm64 1.3 OK
r-release-macos-x86_64 1.3 OK
r-release-windows-ix86+x86_64 1.3 7.00 34.00 41.00 OK
r-oldrel-macos-x86_64 1.3 OK
r-oldrel-windows-ix86+x86_64 1.3 6.00 34.00 40.00 OK

Check Details

Version: 1.3
Check: whether package can be installed
Result: WARN
    Found the following significant warnings:
     WARNING: installation-time patches will not be applied, could not get the patches index
Flavor: r-devel-windows-x86_64-gcc10-UCRT

Version: 1.3
Check: PDF version of manual
Result: WARN
    LaTeX errors when creating PDF version.
    This typically indicates Rd problems.
Flavor: r-devel-windows-x86_64-gcc10-UCRT

Version: 1.3
Check: PDF version of manual without hyperrefs or index
Result: ERROR
    Re-running with no redirection of stdout/stderr.
Flavor: r-devel-windows-x86_64-gcc10-UCRT