Last updated on 2023-09-21 23:03:18 CEST.
Flavor | Version | Tinstall | Tcheck | Ttotal | Status | Flags |
---|---|---|---|---|---|---|
r-devel-linux-x86_64-debian-clang | 0.3.2 | 5.78 | 53.64 | 59.42 | NOTE | |
r-devel-linux-x86_64-debian-gcc | 0.3.2 | 3.62 | 39.66 | 43.28 | NOTE | |
r-devel-linux-x86_64-fedora-clang | 0.3.2 | 72.12 | NOTE | |||
r-devel-linux-x86_64-fedora-gcc | 0.3.2 | 83.27 | NOTE | |||
r-devel-windows-x86_64 | 0.3.2 | 6.00 | 65.00 | 71.00 | NOTE | |
r-patched-linux-x86_64 | 0.3.2 | 6.44 | 50.70 | 57.14 | NOTE | |
r-release-linux-x86_64 | 0.3.2 | 3.56 | 50.70 | 54.26 | NOTE | |
r-release-macos-arm64 | 0.3.2 | 29.00 | NOTE | |||
r-release-macos-x86_64 | 0.3.2 | 42.00 | NOTE | |||
r-release-windows-x86_64 | 0.3.2 | 9.00 | 70.00 | 79.00 | NOTE | |
r-oldrel-macos-arm64 | 0.3.2 | 25.00 | NOTE | |||
r-oldrel-macos-x86_64 | 0.3.2 | 41.00 | NOTE | |||
r-oldrel-windows-x86_64 | 0.3.2 | 8.00 | 66.00 | 74.00 | NOTE |
Version: 0.3.2
Check: LazyData
Result: NOTE
'LazyData' is specified without a 'data' directory
Flavors: r-devel-linux-x86_64-debian-clang, r-devel-linux-x86_64-debian-gcc, r-devel-linux-x86_64-fedora-clang, r-devel-linux-x86_64-fedora-gcc, r-devel-windows-x86_64, r-patched-linux-x86_64, r-release-linux-x86_64, r-release-macos-arm64, r-release-macos-x86_64, r-release-windows-x86_64, r-oldrel-macos-arm64, r-oldrel-macos-x86_64, r-oldrel-windows-x86_64
Version: 0.3.2
Check: dependencies in R code
Result: NOTE
Namespace in Imports field not imported from: ‘stats’
All declared Imports should be used.
Flavors: r-devel-linux-x86_64-fedora-clang, r-devel-linux-x86_64-fedora-gcc, r-oldrel-macos-arm64, r-oldrel-macos-x86_64