Last updated on 2023-09-22 23:04:57 CEST.
Flavor | Version | Tinstall | Tcheck | Ttotal | Status | Flags |
---|---|---|---|---|---|---|
r-devel-linux-x86_64-debian-clang | 0.1.2 | 4.52 | 36.36 | 40.88 | OK | |
r-devel-linux-x86_64-debian-gcc | 0.1.2 | 2.25 | 27.61 | 29.86 | OK | |
r-devel-linux-x86_64-fedora-clang | 0.1.2 | 48.81 | NOTE | |||
r-devel-linux-x86_64-fedora-gcc | 0.1.2 | 49.98 | NOTE | |||
r-devel-windows-x86_64 | 0.1.2 | 5.00 | 51.00 | 56.00 | OK | |
r-patched-linux-x86_64 | 0.1.2 | 3.53 | 34.45 | 37.98 | OK | |
r-release-linux-x86_64 | 0.1.2 | 4.29 | 34.90 | 39.19 | OK | |
r-release-macos-arm64 | 0.1.2 | 22.00 | OK | |||
r-release-macos-x86_64 | 0.1.2 | 29.00 | OK | |||
r-release-windows-x86_64 | 0.1.2 | 6.00 | 53.00 | 59.00 | OK | |
r-oldrel-macos-arm64 | 0.1.2 | 18.00 | NOTE | |||
r-oldrel-macos-x86_64 | 0.1.2 | 34.00 | NOTE | |||
r-oldrel-windows-x86_64 | 0.1.2 | 6.00 | 55.00 | 61.00 | OK |
Version: 0.1.2
Check: dependencies in R code
Result: NOTE
Namespace in Imports field not imported from: ‘datasets’
All declared Imports should be used.
Flavors: r-devel-linux-x86_64-fedora-clang, r-devel-linux-x86_64-fedora-gcc, r-oldrel-macos-arm64, r-oldrel-macos-x86_64