CRAN Package Check Results for Package elsa

Last updated on 2021-11-30 22:54:30 CET.

Flavor Version Tinstall Tcheck Ttotal Status Flags
r-devel-linux-x86_64-debian-clang 1.1-28 34.58 237.85 272.43 OK
r-devel-linux-x86_64-debian-gcc 1.1-28 26.51 196.27 222.78 OK
r-devel-linux-x86_64-fedora-clang 1.1-28 340.32 NOTE
r-devel-linux-x86_64-fedora-gcc 1.1-28 334.25 NOTE
r-devel-windows-x86_64-new-UL 1.1-28 61.00 273.00 334.00 OK
r-devel-windows-x86_64-new-TK 1.1-28 OK
r-devel-windows-x86_64-old 1.1-28 53.00 198.00 251.00 OK
r-patched-linux-x86_64 1.1-28 33.51 231.73 265.24 OK
r-patched-solaris-x86 1.1-28 371.80 OK
r-release-linux-x86_64 1.1-28 31.40 236.62 268.02 OK
r-release-macos-arm64 1.1-28 OK
r-release-macos-x86_64 1.1-28 OK
r-release-windows-ix86+x86_64 1.1-28 81.00 243.00 324.00 OK
r-oldrel-macos-x86_64 1.1-28 OK
r-oldrel-windows-ix86+x86_64 1.1-28 66.00 260.00 326.00 OK

Check Details

Version: 1.1-28
Check: compiled code
Result: NOTE
    File ‘elsa/libs/elsa.so’:
     Found no calls to: ‘R_registerRoutines’, ‘R_useDynamicSymbols’
    
    It is good practice to register native routines and to disable symbol
    search.
    
    See ‘Writing portable packages’ in the ‘Writing R Extensions’ manual.
Flavors: r-devel-linux-x86_64-fedora-clang, r-devel-linux-x86_64-fedora-gcc