CRAN Package Check Results for Package emdbook

Last updated on 2024-07-18 22:49:53 CEST.

Flavor Version Tinstall Tcheck Ttotal Status Flags
r-devel-linux-x86_64-debian-clang 1.3.13 12.95 100.30 113.25 NOTE
r-devel-linux-x86_64-debian-gcc 1.3.13 7.55 74.26 81.81 NOTE
r-devel-linux-x86_64-fedora-clang 1.3.13 137.31 NOTE
r-devel-linux-x86_64-fedora-gcc 1.3.13 128.75 NOTE
r-devel-windows-x86_64 1.3.13 10.00 96.00 106.00 NOTE
r-patched-linux-x86_64 1.3.13 13.23 96.65 109.88 NOTE
r-release-linux-x86_64 1.3.13 12.31 95.80 108.11 NOTE
r-release-macos-arm64 1.3.13 38.00 NOTE
r-release-macos-x86_64 1.3.13 86.00 NOTE
r-release-windows-x86_64 1.3.13 9.00 99.00 108.00 NOTE
r-oldrel-macos-arm64 1.3.13 41.00 OK
r-oldrel-macos-x86_64 1.3.13 105.00 OK
r-oldrel-windows-x86_64 1.3.13 13.00 112.00 125.00 OK

Check Details

Version: 1.3.13
Check: Rd files
Result: NOTE checkRd: (-1) NEWS.Rd:194: Lost braces; missing escapes or markup? 194 | \item added {d,r}betabinom | ^ Flavors: r-devel-linux-x86_64-debian-clang, r-devel-linux-x86_64-debian-gcc, r-devel-linux-x86_64-fedora-clang, r-devel-linux-x86_64-fedora-gcc, r-devel-windows-x86_64, r-patched-linux-x86_64, r-release-linux-x86_64, r-release-macos-arm64, r-release-macos-x86_64, r-release-windows-x86_64

Version: 1.3.13
Check: Rd cross-references
Result: NOTE Found the following Rd file(s) with Rd \link{} targets missing package anchors: apply2d.Rd: create_progress_bar curve3d.Rd: create_progress_bar Please provide package anchors for all Rd \link{} targets not in the package itself and the base packages. Flavor: r-devel-windows-x86_64