Last updated on 2024-04-18 22:52:39 CEST.
Flavor | Version | Tinstall | Tcheck | Ttotal | Status | Flags |
---|---|---|---|---|---|---|
r-devel-linux-x86_64-debian-clang | 2.2.1 | 34.93 | 229.15 | 264.08 | OK | |
r-devel-linux-x86_64-debian-gcc | 2.2.1 | 24.45 | 168.94 | 193.39 | OK | |
r-devel-linux-x86_64-fedora-clang | 2.2.1 | 322.98 | NOTE | |||
r-devel-linux-x86_64-fedora-gcc | 2.2.1 | 315.29 | NOTE | |||
r-prerel-macos-arm64 | 2.2.1 | 74.00 | OK | |||
r-prerel-windows-x86_64 | 2.2.1 | 24.00 | 172.00 | 196.00 | OK | |
r-patched-linux-x86_64 | 2.2.1 | 36.40 | 224.19 | 260.59 | OK | |
r-release-linux-x86_64 | 2.2.1 | 18.79 | 221.15 | 239.94 | OK | |
r-release-macos-arm64 | 2.2.1 | 89.00 | OK | |||
r-release-macos-x86_64 | 2.2.1 | 217.00 | OK | |||
r-release-windows-x86_64 | 2.2.1 | 33.00 | 208.00 | 241.00 | OK | |
r-oldrel-macos-arm64 | 2.2.1 | 102.00 | OK | |||
r-oldrel-windows-x86_64 | 2.2.1 | 36.00 | 214.00 | 250.00 | OK |
Version: 2.2.1
Check: data for non-ASCII characters
Result: NOTE
Note: found 50 marked Latin-1 strings
Flavors: r-devel-linux-x86_64-fedora-clang, r-devel-linux-x86_64-fedora-gcc