CRAN Package Check Results for Package emdi

Last updated on 2021-10-17 22:48:32 CEST.

Flavor Version Tinstall Tcheck Ttotal Status Flags
r-devel-linux-x86_64-debian-clang 2.1.0 40.98 378.74 419.72 OK
r-devel-linux-x86_64-debian-gcc 2.1.0 36.23 281.42 317.65 OK
r-devel-linux-x86_64-fedora-clang 2.1.0 514.58 NOTE
r-devel-linux-x86_64-fedora-gcc 2.1.0 538.50 NOTE
r-devel-windows-x86_64 2.1.0 67.00 406.00 473.00 OK
r-devel-windows-x86_64-gcc10-UCRT 2.1.0 NOTE
r-patched-linux-x86_64 2.1.0 46.92 371.74 418.66 NOTE
r-patched-solaris-x86 2.1.0 630.30 NOTE
r-release-linux-x86_64 2.1.0 42.47 368.00 410.47 OK
r-release-macos-arm64 2.1.0 NOTE
r-release-macos-x86_64 2.1.0 NOTE
r-release-windows-ix86+x86_64 2.1.0 84.00 413.00 497.00 OK
r-oldrel-macos-x86_64 2.1.0 NOTE
r-oldrel-windows-ix86+x86_64 2.1.0 63.00 286.00 349.00 OK

Check Details

Version: 2.1.0
Check: data for non-ASCII characters
Result: NOTE
     Note: found 50 marked Latin-1 strings
Flavors: r-devel-linux-x86_64-fedora-clang, r-devel-linux-x86_64-fedora-gcc, r-devel-windows-x86_64-gcc10-UCRT, r-patched-solaris-x86, r-release-macos-arm64, r-release-macos-x86_64, r-oldrel-macos-x86_64

Version: 2.1.0
Check: package dependencies
Result: NOTE
    Package suggested but not available for checking: 'simFrame'
Flavors: r-devel-windows-x86_64-gcc10-UCRT, r-patched-linux-x86_64

Version: 2.1.0
Check: Rd cross-references
Result: NOTE
    Unknown package 'simFrame' in Rd xrefs
Flavor: r-devel-windows-x86_64-gcc10-UCRT