CRAN Package Check Results for Package emoa

Last updated on 2021-07-25 23:00:12 CEST.

Flavor Version Tinstall Tcheck Ttotal Status Flags
r-devel-linux-x86_64-debian-clang 0.5-0.1 5.97 25.41 31.38 OK
r-devel-linux-x86_64-debian-gcc 0.5-0.1 4.32 20.03 24.35 OK
r-devel-linux-x86_64-fedora-clang 0.5-0.1 46.83 NOTE
r-devel-linux-x86_64-fedora-gcc 0.5-0.1 36.91 NOTE
r-devel-windows-x86_64 0.5-0.1 12.00 37.00 49.00 OK
r-devel-windows-x86_64-gcc10-UCRT 0.5-0.1 OK
r-patched-linux-x86_64 0.5-0.1 5.08 24.43 29.51 OK
r-patched-solaris-x86 0.5-0.1 55.70 OK
r-release-linux-x86_64 0.5-0.1 5.07 25.10 30.17 OK
r-release-macos-arm64 0.5-0.1 OK
r-release-macos-x86_64 0.5-0.1 OK
r-release-windows-ix86+x86_64 0.5-0.1 19.00 38.00 57.00 OK
r-oldrel-macos-x86_64 0.5-0.1 OK
r-oldrel-windows-ix86+x86_64 0.5-0.1 21.00 43.00 64.00 OK

Check Details

Version: 0.5-0.1
Check: compiled code
Result: NOTE
    File ‘emoa/libs/emoa.so’:
     Found no calls to: ‘R_registerRoutines’, ‘R_useDynamicSymbols’
    
    It is good practice to register native routines and to disable symbol
    search.
    
    See ‘Writing portable packages’ in the ‘Writing R Extensions’ manual.
Flavors: r-devel-linux-x86_64-fedora-clang, r-devel-linux-x86_64-fedora-gcc