Last updated on 2023-12-03 22:57:05 CET.
Flavor | Version | Tinstall | Tcheck | Ttotal | Status | Flags |
---|---|---|---|---|---|---|
r-devel-linux-x86_64-debian-clang | 15.0 | 3.56 | 37.41 | 40.97 | NOTE | |
r-devel-linux-x86_64-debian-gcc | 15.0 | 3.06 | 29.02 | 32.08 | NOTE | |
r-devel-linux-x86_64-fedora-clang | 15.0 | 51.84 | NOTE | |||
r-devel-linux-x86_64-fedora-gcc | 15.0 | 50.25 | NOTE | |||
r-devel-windows-x86_64 | 15.0 | 6.00 | 55.00 | 61.00 | OK | |
r-patched-linux-x86_64 | 15.0 | 4.17 | 36.69 | 40.86 | OK | |
r-release-linux-x86_64 | 15.0 | 4.04 | 37.09 | 41.13 | OK | |
r-release-macos-arm64 | 15.0 | 21.00 | OK | |||
r-release-macos-x86_64 | 15.0 | 30.00 | OK | |||
r-release-windows-x86_64 | 15.0 | 7.00 | 58.00 | 65.00 | OK | |
r-oldrel-macos-arm64 | 15.0 | 29.00 | NOTE | |||
r-oldrel-macos-x86_64 | 15.0 | 24.00 | NOTE | |||
r-oldrel-windows-x86_64 | 15.0 | 6.00 | 57.00 | 63.00 | OK |
Version: 15.0
Check: Rd files
Result: NOTE
checkRd: (-1) medal.Rd:21: Lost braces in \itemize; meant \describe ?
checkRd: (-1) medal.Rd:22: Lost braces in \itemize; meant \describe ?
checkRd: (-1) medal.Rd:23: Lost braces in \itemize; meant \describe ?
Flavors: r-devel-linux-x86_64-debian-clang, r-devel-linux-x86_64-debian-gcc
Version: 15.0
Check: data for non-ASCII characters
Result: NOTE
Note: found 16919 marked UTF-8 strings
Flavors: r-devel-linux-x86_64-fedora-clang, r-devel-linux-x86_64-fedora-gcc, r-oldrel-macos-arm64, r-oldrel-macos-x86_64