CRAN Package Check Results for Package emojifont

Last updated on 2021-09-25 22:54:04 CEST.

Flavor Version Tinstall Tcheck Ttotal Status Flags
r-devel-linux-x86_64-debian-clang 0.5.5 5.42 54.01 59.43 OK
r-devel-linux-x86_64-debian-gcc 0.5.5 4.26 41.61 45.87 OK
r-devel-linux-x86_64-fedora-clang 0.5.5 77.03 NOTE
r-devel-linux-x86_64-fedora-gcc 0.5.5 66.12 OK
r-devel-windows-x86_64 0.5.5 8.00 54.00 62.00 NOTE
r-devel-windows-x86_64-gcc10-UCRT 0.5.5 OK
r-patched-linux-x86_64 0.5.5 5.39 50.46 55.85 OK
r-patched-solaris-x86 0.5.5 97.40 NOTE
r-release-linux-x86_64 0.5.5 4.92 49.78 54.70 OK
r-release-macos-arm64 0.5.5 NOTE
r-release-macos-x86_64 0.5.5 NOTE
r-release-windows-ix86+x86_64 0.5.5 15.00 53.00 68.00 NOTE
r-oldrel-macos-x86_64 0.5.5 NOTE
r-oldrel-windows-ix86+x86_64 0.5.5 11.00 56.00 67.00 NOTE

Check Details

Version: 0.5.5
Check: installed package size
Result: NOTE
     installed size is 7.0Mb
     sub-directories of 1Mb or more:
     emoji_fonts 6.5Mb
Flavors: r-devel-linux-x86_64-fedora-clang, r-devel-windows-x86_64, r-patched-solaris-x86, r-release-macos-arm64, r-release-macos-x86_64, r-release-windows-ix86+x86_64, r-oldrel-macos-x86_64, r-oldrel-windows-ix86+x86_64