Last updated on 2024-04-27 23:16:41 CEST.
Flavor | Version | Tinstall | Tcheck | Ttotal | Status | Flags |
---|---|---|---|---|---|---|
r-devel-linux-x86_64-debian-clang | 1.3.2 | 7.74 | 92.04 | 99.78 | OK | |
r-devel-linux-x86_64-debian-gcc | 1.3.2 | 6.77 | 67.28 | 74.05 | OK | |
r-devel-linux-x86_64-fedora-clang | 1.3.2 | 123.81 | NOTE | |||
r-devel-linux-x86_64-fedora-gcc | 1.3.2 | 116.78 | OK | |||
r-devel-windows-x86_64 | 1.3.2 | 8.00 | 80.00 | 88.00 | OK | |
r-patched-linux-x86_64 | 1.3.2 | 8.99 | 88.17 | 97.16 | OK | |
r-release-linux-x86_64 | 1.3.2 | 8.49 | 89.64 | 98.13 | OK | |
r-release-macos-arm64 | 1.3.2 | 34.00 | OK | |||
r-release-windows-x86_64 | 1.3.2 | 8.00 | 81.00 | 89.00 | OK | |
r-oldrel-macos-arm64 | 1.3.2 | 38.00 | OK | |||
r-oldrel-macos-x86_64 | 1.3.2 | 64.00 | OK | |||
r-oldrel-windows-x86_64 | 1.3.2 | 11.00 | 97.00 | 108.00 | OK |
Version: 1.3.2
Check: Rd cross-references
Result: NOTE
Undeclared packages ‘Kendall’, ‘geoR’ in Rd xrefs
Flavor: r-devel-linux-x86_64-fedora-clang