CRAN Package Check Results for Package encryptedRmd

Last updated on 2021-11-30 22:54:30 CET.

Flavor Version Tinstall Tcheck Ttotal Status Flags
r-devel-linux-x86_64-debian-clang 0.2.1 2.04 21.16 23.20 NOTE
r-devel-linux-x86_64-debian-gcc 0.2.1 1.71 18.23 19.94 NOTE
r-devel-linux-x86_64-fedora-clang 0.2.1 39.57 NOTE
r-devel-linux-x86_64-fedora-gcc 0.2.1 28.21 NOTE
r-devel-windows-x86_64-new-UL 0.2.1 7.00 53.00 60.00 NOTE
r-devel-windows-x86_64-new-TK 0.2.1 NOTE
r-devel-windows-x86_64-old 0.2.1 5.00 26.00 31.00 NOTE
r-patched-linux-x86_64 0.2.1 1.91 19.91 21.82 NOTE
r-patched-solaris-x86 0.2.1 45.00 NOTE
r-release-linux-x86_64 0.2.1 1.21 20.02 21.23 NOTE
r-release-macos-arm64 0.2.1 NOTE
r-release-macos-x86_64 0.2.1 NOTE
r-release-windows-ix86+x86_64 0.2.1 6.00 31.00 37.00 NOTE
r-oldrel-macos-x86_64 0.2.1 OK
r-oldrel-windows-ix86+x86_64 0.2.1 4.00 31.00 35.00 OK

Check Details

Version: 0.2.1
Check: LazyData
Result: NOTE
     'LazyData' is specified without a 'data' directory
Flavors: r-devel-linux-x86_64-debian-clang, r-devel-linux-x86_64-debian-gcc, r-devel-linux-x86_64-fedora-clang, r-devel-linux-x86_64-fedora-gcc, r-devel-windows-x86_64-new-UL, r-devel-windows-x86_64-new-TK, r-devel-windows-x86_64-old, r-patched-linux-x86_64, r-patched-solaris-x86, r-release-linux-x86_64, r-release-macos-arm64, r-release-macos-x86_64, r-release-windows-ix86+x86_64