CRAN Package Check Results for Package encryptr

Last updated on 2023-09-30 22:59:06 CEST.

Flavor Version Tinstall Tcheck Ttotal Status Flags
r-devel-linux-x86_64-debian-clang 0.1.3 5.51 56.66 62.17 NOTE
r-devel-linux-x86_64-debian-gcc 0.1.3 3.57 43.35 46.92 NOTE
r-devel-linux-x86_64-fedora-clang 0.1.3 79.43 NOTE
r-devel-linux-x86_64-fedora-gcc 0.1.3 77.59 NOTE
r-devel-windows-x86_64 0.1.3 7.00 57.00 64.00 OK
r-patched-linux-x86_64 0.1.3 7.75 54.40 62.15 NOTE
r-release-linux-x86_64 0.1.3 4.98 55.51 60.49 NOTE
r-release-macos-arm64 0.1.3 25.00 OK
r-release-macos-x86_64 0.1.3 34.00 OK
r-release-windows-x86_64 0.1.3 9.00 62.00 71.00 OK
r-oldrel-macos-arm64 0.1.3 27.00 NOTE
r-oldrel-macos-x86_64 0.1.3 51.00 NOTE
r-oldrel-windows-x86_64 0.1.3 9.00 69.00 78.00 OK

Check Details

Version: 0.1.3
Check: for non-standard things in the check directory
Result: NOTE
    Found the following files/directories:
     ‘file.path(temp_dir, gp2.csv)’
Flavors: r-devel-linux-x86_64-debian-clang, r-devel-linux-x86_64-debian-gcc, r-devel-linux-x86_64-fedora-clang, r-devel-linux-x86_64-fedora-gcc, r-patched-linux-x86_64, r-release-linux-x86_64

Version: 0.1.3
Check: dependencies in R code
Result: NOTE
    Namespace in Imports field not imported from: ‘knitr’
     All declared Imports should be used.
Flavors: r-devel-linux-x86_64-fedora-clang, r-devel-linux-x86_64-fedora-gcc, r-oldrel-macos-arm64, r-oldrel-macos-x86_64