CRAN Package Check Results for Package encryptr

Last updated on 2021-11-30 22:54:30 CET.

Flavor Version Tinstall Tcheck Ttotal Status Flags
r-devel-linux-x86_64-debian-clang 0.1.3 4.44 49.05 53.49 NOTE
r-devel-linux-x86_64-debian-gcc 0.1.3 3.27 40.30 43.57 NOTE
r-devel-linux-x86_64-fedora-clang 0.1.3 74.49 NOTE
r-devel-linux-x86_64-fedora-gcc 0.1.3 62.47 NOTE
r-devel-windows-x86_64-new-UL 0.1.3 12.00 90.00 102.00 OK
r-devel-windows-x86_64-new-TK 0.1.3 NOTE
r-devel-windows-x86_64-old 0.1.3 9.00 54.00 63.00 OK
r-patched-linux-x86_64 0.1.3 8.12 44.32 52.44 NOTE
r-patched-solaris-x86 0.1.3 95.10 NOTE
r-release-linux-x86_64 0.1.3 2.59 44.74 47.33 NOTE
r-release-macos-arm64 0.1.3 NOTE
r-release-macos-x86_64 0.1.3 NOTE
r-release-windows-ix86+x86_64 0.1.3 11.00 46.00 57.00 OK
r-oldrel-macos-x86_64 0.1.3 NOTE
r-oldrel-windows-ix86+x86_64 0.1.3 10.00 58.00 68.00 OK

Check Details

Version: 0.1.3
Check: for non-standard things in the check directory
Result: NOTE
    Found the following files/directories:
     'file.path(temp_dir, gp2.csv)'
Flavors: r-devel-linux-x86_64-debian-clang, r-devel-linux-x86_64-debian-gcc, r-devel-linux-x86_64-fedora-clang, r-devel-linux-x86_64-fedora-gcc, r-patched-linux-x86_64, r-patched-solaris-x86, r-release-linux-x86_64

Version: 0.1.3
Check: dependencies in R code
Result: NOTE
    Namespace in Imports field not imported from: ‘knitr’
     All declared Imports should be used.
Flavors: r-devel-linux-x86_64-fedora-clang, r-devel-linux-x86_64-fedora-gcc, r-devel-windows-x86_64-new-TK, r-patched-solaris-x86, r-release-macos-arm64, r-release-macos-x86_64, r-oldrel-macos-x86_64