CRAN Package Check Results for Package enetLTS

Last updated on 2024-06-13 22:49:26 CEST.

Flavor Version Tinstall Tcheck Ttotal Status Flags
r-devel-linux-x86_64-debian-clang 1.1.0 17.93 112.92 130.85 NOTE
r-devel-linux-x86_64-debian-gcc 1.1.0 0.35 1.55 1.90 ERROR
r-devel-linux-x86_64-fedora-clang 1.1.0 160.97 NOTE
r-devel-linux-x86_64-fedora-gcc 1.1.0 145.69 NOTE
r-devel-windows-x86_64 1.1.0 13.00 92.00 105.00 NOTE
r-patched-linux-x86_64 1.1.0 15.48 106.91 122.39 NOTE
r-release-linux-x86_64 1.1.0 10.80 109.29 120.09 NOTE
r-release-macos-arm64 1.1.0 46.00 NOTE
r-release-macos-x86_64 1.1.0 67.00 NOTE
r-release-windows-x86_64 1.1.0 14.00 95.00 109.00 NOTE
r-oldrel-macos-arm64 1.1.0 51.00 OK
r-oldrel-macos-x86_64 1.1.0 76.00 OK
r-oldrel-windows-x86_64 1.1.0 17.00 116.00 133.00 OK

Check Details

Version: 1.1.0
Check: Rd files
Result: NOTE checkRd: (-1) enetLTS-package.Rd:41: Lost braces; missing escapes or markup? 41 | \code{family="binomial"} should be a factor with two levels which is coded as \code{0} and {1}. | ^ Flavors: r-devel-linux-x86_64-debian-clang, r-devel-linux-x86_64-fedora-clang, r-devel-linux-x86_64-fedora-gcc, r-devel-windows-x86_64, r-patched-linux-x86_64, r-release-linux-x86_64, r-release-macos-arm64, r-release-macos-x86_64, r-release-windows-x86_64

Version: 1.1.0
Check: package dependencies
Result: ERROR Packages required but not available: 'ggplot2', 'robustHD' See section ‘The DESCRIPTION file’ in the ‘Writing R Extensions’ manual. Flavor: r-devel-linux-x86_64-debian-gcc