CRAN Package Check Results for Package ensembleTax

Last updated on 2021-07-30 22:57:24 CEST.

Flavor Version Tinstall Tcheck Ttotal Status Flags
r-devel-linux-x86_64-debian-clang 1.1.1 OK
r-devel-linux-x86_64-debian-gcc 1.1.1 4.33 43.91 48.24 OK
r-devel-linux-x86_64-fedora-clang 1.1.1 85.93 NOTE
r-devel-linux-x86_64-fedora-gcc 1.1.1 74.33 NOTE
r-devel-windows-x86_64 1.1.1 6.00 75.00 81.00 OK
r-devel-windows-x86_64-gcc10-UCRT 1.1.1 NOTE
r-patched-linux-x86_64 1.1.1 OK
r-patched-solaris-x86 1.1.1 109.60 NOTE
r-release-linux-x86_64 1.1.1 5.70 55.15 60.85 OK
r-release-macos-arm64 1.1.1 ERROR
r-release-macos-x86_64 1.1.1 ERROR
r-release-windows-ix86+x86_64 1.1.1 12.00 75.00 87.00 OK
r-oldrel-macos-x86_64 1.1.1 ERROR
r-oldrel-windows-ix86+x86_64 1.1.1 11.00 76.00 87.00 OK

Check Details

Version: 1.1.1
Check: dependencies in R code
Result: NOTE
    Namespaces in Imports field not imported from:
     ‘Biostrings’ ‘DECIPHER’ ‘ggplot2’ ‘reshape2’ ‘usethis’
     All declared Imports should be used.
Flavors: r-devel-linux-x86_64-fedora-clang, r-devel-linux-x86_64-fedora-gcc, r-devel-windows-x86_64-gcc10-UCRT, r-patched-solaris-x86

Version: 1.1.1
Check: package dependencies
Result: ERROR
    Package required but not available: ‘DECIPHER’
    
    See section ‘The DESCRIPTION file’ in the ‘Writing R Extensions’
    manual.
Flavors: r-release-macos-arm64, r-release-macos-x86_64, r-oldrel-macos-x86_64