CRAN Package Check Results for Package entropart

Last updated on 2019-09-18 22:52:36 CEST.

Flavor Version Tinstall Tcheck Ttotal Status Flags
r-devel-linux-x86_64-debian-clang 1.6-1 10.58 156.89 167.47 OK
r-devel-linux-x86_64-debian-gcc 1.6-1 9.38 125.61 134.99 OK
r-devel-linux-x86_64-fedora-clang 1.6-1 218.99 NOTE
r-devel-linux-x86_64-fedora-gcc 1.6-1 206.68 NOTE
r-devel-windows-ix86+x86_64 1.6-1 30.00 218.00 248.00 OK
r-patched-linux-x86_64 1.6-1 9.94 177.18 187.12 OK
r-patched-solaris-x86 1.6-1 271.30 NOTE
r-release-linux-x86_64 1.6-1 10.57 170.38 180.95 OK
r-release-windows-ix86+x86_64 1.6-1 17.00 179.00 196.00 OK
r-release-osx-x86_64 1.6-1 NOTE
r-oldrel-windows-ix86+x86_64 1.6-1 11.00 161.00 172.00 OK
r-oldrel-osx-x86_64 1.6-1 NOTE

Check Details

Version: 1.6-1
Check: dependencies in R code
Result: NOTE
    Namespace in Imports field not imported from: ‘ade4’
     All declared Imports should be used.
Flavors: r-devel-linux-x86_64-fedora-clang, r-devel-linux-x86_64-fedora-gcc, r-patched-solaris-x86, r-release-osx-x86_64, r-oldrel-osx-x86_64