CRAN Package Check Results for Package envoutliers

Last updated on 2021-05-17 22:56:22 CEST.

Flavor Version Tinstall Tcheck Ttotal Status Flags
r-devel-linux-x86_64-debian-clang 1.1.0 13.24 101.96 115.20 NOTE
r-devel-linux-x86_64-debian-gcc 1.1.0 10.18 76.35 86.53 NOTE
r-devel-linux-x86_64-fedora-clang 1.1.0 143.39 NOTE
r-devel-linux-x86_64-fedora-gcc 1.1.0 128.75 NOTE
r-devel-windows-ix86+x86_64 1.1.0 31.00 95.00 126.00 NOTE
r-devel-windows-x86_64-gcc10-UCRT 1.1.0 NOTE
r-patched-linux-x86_64 1.1.0 11.58 95.73 107.31 NOTE
r-patched-solaris-x86 1.1.0 192.60 NOTE
r-release-linux-x86_64 1.1.0 12.49 92.49 104.98 OK
r-release-macos-x86_64 1.1.0 OK
r-release-windows-ix86+x86_64 1.1.0 20.00 98.00 118.00 OK
r-oldrel-macos-x86_64 1.1.0 OK
r-oldrel-windows-ix86+x86_64 1.1.0 25.00 130.00 155.00 OK

Check Details

Version: 1.1.0
Check: LazyData
Result: NOTE
     'LazyData' is specified without a 'data' directory
Flavors: r-devel-linux-x86_64-debian-clang, r-devel-linux-x86_64-debian-gcc, r-devel-linux-x86_64-fedora-clang, r-devel-linux-x86_64-fedora-gcc, r-devel-windows-ix86+x86_64, r-devel-windows-x86_64-gcc10-UCRT, r-patched-linux-x86_64, r-patched-solaris-x86