Last updated on 2022-07-05 22:50:21 CEST.
Flavor | Version | Tinstall | Tcheck | Ttotal | Status | Flags |
---|---|---|---|---|---|---|
r-devel-linux-x86_64-debian-clang | 0.4.0 | 3.46 | 74.57 | 78.03 | OK | |
r-devel-linux-x86_64-debian-gcc | 0.4.0 | 3.90 | 58.22 | 62.12 | OK | |
r-devel-linux-x86_64-fedora-clang | 0.4.0 | 101.34 | NOTE | |||
r-devel-linux-x86_64-fedora-gcc | 0.4.0 | 101.95 | NOTE | |||
r-devel-windows-x86_64 | 0.4.0 | 27.00 | 116.00 | 143.00 | OK | |
r-patched-linux-x86_64 | 0.4.0 | 3.50 | 72.21 | 75.71 | OK | |
r-release-linux-x86_64 | 0.4.0 | 3.45 | 72.95 | 76.40 | OK | |
r-release-macos-arm64 | 0.4.0 | 60.00 | NOTE | |||
r-release-macos-x86_64 | 0.4.0 | 86.00 | NOTE | |||
r-release-windows-x86_64 | 0.4.0 | 34.00 | 118.00 | 152.00 | OK | |
r-oldrel-macos-arm64 | 0.4.0 | 76.00 | NOTE | |||
r-oldrel-macos-x86_64 | 0.4.0 | 1803.00 | NOTE | |||
r-oldrel-windows-ix86+x86_64 | 0.4.0 | 12.00 | 110.00 | 122.00 | OK |
Version: 0.4.0
Check: package dependencies
Result: NOTE
Imports includes 22 non-default packages.
Importing from so many packages makes the package vulnerable to any of
them becoming unavailable. Move as many as possible to Suggests and
use conditionally.
Flavor: r-devel-linux-x86_64-fedora-clang
Version: 0.4.0
Check: dependencies in R code
Result: NOTE
Namespaces in Imports field not imported from:
‘readr’ ‘tidyverse’
All declared Imports should be used.
Flavors: r-devel-linux-x86_64-fedora-clang, r-devel-linux-x86_64-fedora-gcc, r-release-macos-arm64, r-release-macos-x86_64, r-oldrel-macos-arm64, r-oldrel-macos-x86_64
Version: 0.4.0
Check: data for non-ASCII characters
Result: NOTE
Note: found 1 marked Latin-1 string
Note: found 721 marked UTF-8 strings
Flavors: r-devel-linux-x86_64-fedora-clang, r-devel-linux-x86_64-fedora-gcc, r-release-macos-arm64, r-release-macos-x86_64, r-oldrel-macos-arm64, r-oldrel-macos-x86_64