CRAN Package Check Results for Package epifitter

Last updated on 2024-02-23 23:10:05 CET.

Flavor Version Tinstall Tcheck Ttotal Status Flags
r-devel-linux-x86_64-debian-clang 0.3.0 OK
r-devel-linux-x86_64-debian-gcc 0.3.0 2.25 54.59 56.84 OK
r-devel-linux-x86_64-fedora-clang 0.3.0 92.56 NOTE
r-devel-linux-x86_64-fedora-gcc 0.3.0 103.46 NOTE
r-devel-windows-x86_64 0.3.0 5.00 81.00 86.00 OK
r-patched-linux-x86_64 0.3.0 3.91 70.59 74.50 OK
r-release-linux-x86_64 0.3.0 2.38 69.33 71.71 OK
r-release-macos-arm64 0.3.0 36.00 OK
r-release-macos-x86_64 0.3.0 56.00 OK
r-release-windows-x86_64 0.3.0 6.00 89.00 95.00 OK
r-oldrel-macos-arm64 0.3.0 39.00 NOTE
r-oldrel-windows-x86_64 0.3.0 6.00 93.00 99.00 OK

Check Details

Version: 0.3.0
Check: dependencies in R code
Result: NOTE Namespace in Imports field not imported from: ‘knitr’ All declared Imports should be used. Flavors: r-devel-linux-x86_64-fedora-clang, r-devel-linux-x86_64-fedora-gcc, r-oldrel-macos-arm64