CRAN Package Check Results for Package epikit

Last updated on 2024-02-25 23:02:06 CET.

Flavor Version Tinstall Tcheck Ttotal Status Flags
r-devel-linux-x86_64-debian-clang 0.1.6 8.40 86.24 94.64 NOTE
r-devel-linux-x86_64-debian-gcc 0.1.6 7.43 65.16 72.59 NOTE
r-devel-linux-x86_64-fedora-clang 0.1.6 118.98 NOTE
r-devel-linux-x86_64-fedora-gcc 0.1.6 128.19 NOTE
r-devel-windows-x86_64 0.1.6 9.00 81.00 90.00 NOTE
r-patched-linux-x86_64 0.1.6 8.49 82.37 90.86 NOTE
r-release-linux-x86_64 0.1.6 6.72 83.59 90.31 NOTE
r-release-macos-arm64 0.1.6 49.00 NOTE
r-release-macos-x86_64 0.1.6 81.00 NOTE
r-release-windows-x86_64 0.1.6 11.00 97.00 108.00 NOTE
r-oldrel-macos-arm64 0.1.6 40.00 NOTE
r-oldrel-windows-x86_64 0.1.6 11.00 100.00 111.00 NOTE

Check Details

Version: 0.1.6
Check: package dependencies
Result: NOTE Package suggested but not available for checking: ‘epidict’ Flavors: r-devel-linux-x86_64-debian-clang, r-devel-linux-x86_64-debian-gcc, r-devel-linux-x86_64-fedora-clang, r-devel-linux-x86_64-fedora-gcc, r-devel-windows-x86_64, r-patched-linux-x86_64, r-release-linux-x86_64, r-release-macos-arm64, r-release-macos-x86_64, r-release-windows-x86_64, r-oldrel-macos-arm64, r-oldrel-windows-x86_64