CRAN Package Check Results for Package epimdr

Last updated on 2021-06-15 22:53:41 CEST.

Flavor Version Tinstall Tcheck Ttotal Status Flags
r-devel-linux-x86_64-debian-clang 0.6-5 7.44 52.99 60.43 OK
r-devel-linux-x86_64-debian-gcc 0.6-5 5.97 40.47 46.44 NOTE
r-devel-linux-x86_64-fedora-clang 0.6-5 80.33 OK
r-devel-linux-x86_64-fedora-gcc 0.6-5 69.56 OK
r-devel-windows-x86_64 0.6-5 12.00 76.00 88.00 OK
r-devel-windows-x86_64-gcc10-UCRT 0.6-5 OK
r-patched-linux-x86_64 0.6-5 7.65 50.48 58.13 OK
r-patched-solaris-x86 0.6-5 100.50 NOTE
r-release-linux-x86_64 0.6-5 7.40 50.72 58.12 OK
r-release-macos-arm64 0.6-5 OK
r-release-macos-x86_64 0.6-5 OK
r-release-windows-ix86+x86_64 0.6-5 17.00 74.00 91.00 OK
r-oldrel-macos-x86_64 0.6-5 OK
r-oldrel-windows-ix86+x86_64 0.6-5 31.00 89.00 120.00 OK

Check Details

Version: 0.6-5
Check: package dependencies
Result: NOTE
    Package suggested but not available for checking: ‘statnet’
Flavors: r-devel-linux-x86_64-debian-gcc, r-patched-solaris-x86