CRAN Package Check Results for Package epitweetr

Last updated on 2021-12-07 22:59:29 CET.

Flavor Version Tinstall Tcheck Ttotal Status Flags
r-devel-linux-x86_64-debian-clang 0.1.28 13.75 123.09 136.84 NOTE
r-devel-linux-x86_64-debian-gcc 0.1.28 13.33 92.49 105.82 NOTE
r-devel-linux-x86_64-fedora-clang 0.1.28 178.11 NOTE
r-devel-linux-x86_64-fedora-gcc 0.1.28 161.42 NOTE
r-devel-windows-x86_64-new-UL 0.1.28 33.00 175.00 208.00 OK
r-devel-windows-x86_64-new-TK 0.1.28 NOTE
r-devel-windows-x86_64-old 0.1.28 25.00 167.00 192.00 OK
r-patched-linux-x86_64 0.1.28 11.36 117.72 129.08 NOTE
r-release-linux-x86_64 0.1.28 13.98 116.54 130.52 NOTE
r-release-macos-arm64 0.1.28 NOTE
r-release-macos-x86_64 0.1.28 NOTE
r-release-windows-ix86+x86_64 0.1.28 24.00 145.00 169.00 OK
r-oldrel-macos-x86_64 0.1.28 NOTE
r-oldrel-windows-ix86+x86_64 0.1.28 32.00 165.00 197.00 OK

Check Details

Version: 0.1.28
Check: package dependencies
Result: NOTE
    Package suggested but not available for checking: 'taskscheduleR'
Flavors: r-devel-linux-x86_64-debian-clang, r-devel-linux-x86_64-debian-gcc, r-devel-linux-x86_64-fedora-gcc, r-patched-linux-x86_64, r-release-linux-x86_64, r-release-macos-arm64, r-release-macos-x86_64, r-oldrel-macos-x86_64

Version: 0.1.28
Check: package dependencies
Result: NOTE
    Package suggested but not available for checking: ‘taskscheduleR’
    
    Imports includes 26 non-default packages.
    Importing from so many packages makes the package vulnerable to any of
    them becoming unavailable. Move as many as possible to Suggests and
    use conditionally.
Flavor: r-devel-linux-x86_64-fedora-clang

Version: 0.1.28
Check: dependencies in R code
Result: NOTE
    Namespaces in Imports field not imported from:
     ‘httpuv’ ‘plyr’ ‘rgdal’ ‘rgeos’ ‘tidyverse’ ‘tokenizers’
     All declared Imports should be used.
Flavors: r-devel-linux-x86_64-fedora-clang, r-devel-linux-x86_64-fedora-gcc, r-devel-windows-x86_64-new-TK, r-release-macos-arm64, r-release-macos-x86_64, r-oldrel-macos-x86_64