CRAN Package Check Results for Package eponge

Last updated on 2021-12-02 22:55:52 CET.

Flavor Version Tinstall Tcheck Ttotal Status Flags
r-devel-linux-x86_64-debian-clang 0.1.0 2.38 23.21 25.59 NOTE
r-devel-linux-x86_64-debian-gcc 0.1.0 1.92 18.64 20.56 NOTE
r-devel-linux-x86_64-fedora-clang 0.1.0 42.27 NOTE
r-devel-linux-x86_64-fedora-gcc 0.1.0 31.24 NOTE
r-devel-windows-x86_64-new-UL 0.1.0 6.00 57.00 63.00 NOTE
r-devel-windows-x86_64-new-TK 0.1.0 NOTE
r-devel-windows-x86_64-old 0.1.0 6.00 31.00 37.00 NOTE
r-patched-linux-x86_64 0.1.0 2.27 22.44 24.71 NOTE
r-patched-solaris-x86 0.1.0 49.70 NOTE
r-release-linux-x86_64 0.1.0 2.48 22.57 25.05 NOTE
r-release-macos-arm64 0.1.0 NOTE
r-release-macos-x86_64 0.1.0 NOTE
r-release-windows-ix86+x86_64 0.1.0 6.00 40.00 46.00 NOTE
r-oldrel-macos-x86_64 0.1.0 OK
r-oldrel-windows-ix86+x86_64 0.1.0 7.00 41.00 48.00 OK

Check Details

Version: 0.1.0
Check: LazyData
Result: NOTE
     'LazyData' is specified without a 'data' directory
Flavors: r-devel-linux-x86_64-debian-clang, r-devel-linux-x86_64-debian-gcc, r-devel-linux-x86_64-fedora-clang, r-devel-linux-x86_64-fedora-gcc, r-devel-windows-x86_64-new-UL, r-devel-windows-x86_64-new-TK, r-devel-windows-x86_64-old, r-patched-linux-x86_64, r-patched-solaris-x86, r-release-linux-x86_64, r-release-macos-arm64, r-release-macos-x86_64, r-release-windows-ix86+x86_64