Last updated on 2024-04-17 22:59:51 CEST.
Flavor | Version | Tinstall | Tcheck | Ttotal | Status | Flags |
---|---|---|---|---|---|---|
r-devel-linux-x86_64-debian-clang | 0.4-1 | 3.72 | 31.68 | 35.40 | NOTE | |
r-devel-linux-x86_64-debian-gcc | 0.4-1 | 2.76 | 23.96 | 26.72 | NOTE | |
r-devel-linux-x86_64-fedora-clang | 0.4-1 | 43.29 | NOTE | |||
r-devel-linux-x86_64-fedora-gcc | 0.4-1 | 41.49 | NOTE | |||
r-prerel-macos-arm64 | 0.4-1 | 18.00 | NOTE | |||
r-prerel-windows-x86_64 | 0.4-1 | 4.00 | 43.00 | 47.00 | NOTE | |
r-patched-linux-x86_64 | 0.4-1 | 3.12 | 30.03 | 33.15 | NOTE | |
r-release-linux-x86_64 | 0.4-1 | 3.35 | 29.76 | 33.11 | NOTE | |
r-release-macos-arm64 | 0.4-1 | 19.00 | NOTE | |||
r-release-macos-x86_64 | 0.4-1 | 25.00 | NOTE | |||
r-release-windows-x86_64 | 0.4-1 | 5.00 | 52.00 | 57.00 | NOTE | |
r-oldrel-macos-arm64 | 0.4-1 | 19.00 | NOTE | |||
r-oldrel-windows-x86_64 | 0.4-1 | 5.00 | 52.00 | 57.00 | NOTE |
Version: 0.4-1
Check: LazyData
Result: NOTE
'LazyData' is specified without a 'data' directory
Flavors: r-devel-linux-x86_64-debian-clang, r-devel-linux-x86_64-debian-gcc, r-devel-linux-x86_64-fedora-clang, r-devel-linux-x86_64-fedora-gcc, r-prerel-macos-arm64, r-prerel-windows-x86_64, r-patched-linux-x86_64, r-release-linux-x86_64, r-release-macos-arm64, r-release-macos-x86_64, r-release-windows-x86_64, r-oldrel-macos-arm64, r-oldrel-windows-x86_64