CRAN Package Check Results for Package equivalenceTest

Last updated on 2019-09-18 22:52:36 CEST.

Flavor Version Tinstall Tcheck Ttotal Status Flags
r-devel-linux-x86_64-debian-clang 0.0.1.1 2.34 21.60 23.94 OK
r-devel-linux-x86_64-debian-gcc 0.0.1.1 1.66 17.96 19.62 OK
r-devel-linux-x86_64-fedora-clang 0.0.1.1 29.49 NOTE
r-devel-linux-x86_64-fedora-gcc 0.0.1.1 29.07 NOTE
r-devel-windows-ix86+x86_64 0.0.1.1 10.00 36.00 46.00 OK
r-patched-linux-x86_64 0.0.1.1 2.15 21.50 23.65 OK
r-patched-solaris-x86 0.0.1.1 47.40 NOTE
r-release-linux-x86_64 0.0.1.1 2.17 21.50 23.67 OK
r-release-windows-ix86+x86_64 0.0.1.1 5.00 37.00 42.00 OK
r-release-osx-x86_64 0.0.1.1 NOTE
r-oldrel-windows-ix86+x86_64 0.0.1.1 3.00 30.00 33.00 OK
r-oldrel-osx-x86_64 0.0.1.1 NOTE

Check Details

Version: 0.0.1.1
Check: dependencies in R code
Result: NOTE
    Namespaces in Imports field not imported from:
     ‘cubature’ ‘rootSolve’
     All declared Imports should be used.
Flavors: r-devel-linux-x86_64-fedora-clang, r-devel-linux-x86_64-fedora-gcc, r-patched-solaris-x86, r-release-osx-x86_64, r-oldrel-osx-x86_64