Last updated on 2024-03-28 23:01:43 CET.
Flavor | Version | Tinstall | Tcheck | Ttotal | Status | Flags |
---|---|---|---|---|---|---|
r-devel-linux-x86_64-debian-clang | 4.1.0 | 12.63 | 417.95 | 430.58 | NOTE | |
r-devel-linux-x86_64-debian-gcc | 4.1.0 | 10.89 | 359.53 | 370.42 | NOTE | |
r-devel-linux-x86_64-fedora-clang | 4.1.0 | 529.70 | NOTE | |||
r-devel-linux-x86_64-fedora-gcc | 4.1.0 | 607.87 | NOTE | |||
r-devel-windows-x86_64 | 4.1.0 | 15.00 | 358.00 | 373.00 | NOTE | |
r-patched-linux-x86_64 | 4.1.0 | 19.48 | 435.02 | 454.50 | NOTE | |
r-release-linux-x86_64 | 4.1.0 | 15.41 | 386.04 | 401.45 | OK | |
r-release-macos-arm64 | 4.1.0 | 239.00 | OK | |||
r-release-macos-x86_64 | 4.1.0 | 314.00 | OK | |||
r-release-windows-x86_64 | 4.1.0 | 18.00 | 415.00 | 433.00 | OK | |
r-oldrel-macos-arm64 | 4.1.0 | 195.00 | OK | |||
r-oldrel-windows-x86_64 | 4.1.0 | 18.00 | 422.00 | 440.00 | OK |
Version: 4.1.0
Check: Rd files
Result: NOTE
checkRd: (-1) ergm.rank-package.Rd:42: Lost braces
42 | 1100-1128. c("\\Sexpr[results=rd,stage=build]{tools:::Rd_expr_doi(\"#1\")}",
| ^
Flavors: r-devel-linux-x86_64-debian-clang, r-devel-linux-x86_64-debian-gcc, r-devel-linux-x86_64-fedora-clang, r-devel-linux-x86_64-fedora-gcc, r-devel-windows-x86_64, r-patched-linux-x86_64