CRAN Package Check Results for Package ergmito

Last updated on 2021-12-05 22:48:51 CET.

Flavor Version Tinstall Tcheck Ttotal Status Flags
r-devel-linux-x86_64-debian-clang 0.3-0 113.12 224.97 338.09 OK
r-devel-linux-x86_64-debian-gcc 0.3-0 91.92 172.43 264.35 OK
r-devel-linux-x86_64-fedora-clang 0.3-0 454.34 NOTE
r-devel-linux-x86_64-fedora-gcc 0.3-0 420.93 OK
r-devel-windows-x86_64-new-UL 0.3-0 159.00 308.00 467.00 OK
r-devel-windows-x86_64-new-TK 0.3-0 OK
r-devel-windows-x86_64-old 0.3-0 155.00 205.00 360.00 OK
r-patched-linux-x86_64 0.3-0 109.11 213.20 322.31 OK
r-release-linux-x86_64 0.3-0 105.52 218.92 324.44 OK
r-release-macos-arm64 0.3-0 NOTE
r-release-macos-x86_64 0.3-0 NOTE
r-release-windows-ix86+x86_64 0.3-0 258.00 436.00 694.00 OK
r-oldrel-macos-x86_64 0.3-0 NOTE
r-oldrel-windows-ix86+x86_64 0.3-0 256.00 456.00 712.00 OK

Check Details

Version: 0.3-0
Check: installed package size
Result: NOTE
     installed size is 5.1Mb
     sub-directories of 1Mb or more:
     libs 3.7Mb
Flavors: r-devel-linux-x86_64-fedora-clang, r-release-macos-arm64, r-release-macos-x86_64, r-oldrel-macos-x86_64