CRAN Package Check Results for Package ergmito

Last updated on 2021-08-04 22:55:12 CEST.

Flavor Version Tinstall Tcheck Ttotal Status Flags
r-devel-linux-x86_64-debian-clang 0.3-0 122.00 226.35 348.35 OK
r-devel-linux-x86_64-debian-gcc 0.3-0 85.46 168.05 253.51 OK
r-devel-linux-x86_64-fedora-clang 0.3-0 448.93 NOTE
r-devel-linux-x86_64-fedora-gcc 0.3-0 426.30 OK
r-devel-windows-x86_64 0.3-0 121.00 282.00 403.00 OK
r-devel-windows-x86_64-gcc10-UCRT 0.3-0 OK
r-patched-linux-x86_64 0.3-0 105.54 215.31 320.85 OK
r-patched-solaris-x86 0.3-0 497.20 OK
r-release-linux-x86_64 0.3-0 100.98 209.73 310.71 OK
r-release-macos-arm64 0.3-0 NOTE
r-release-macos-x86_64 0.3-0 NOTE
r-release-windows-ix86+x86_64 0.3-0 253.00 429.00 682.00 OK
r-oldrel-macos-x86_64 0.3-0 NOTE
r-oldrel-windows-ix86+x86_64 0.3-0 195.00 442.00 637.00 OK

Check Details

Version: 0.3-0
Check: installed package size
Result: NOTE
     installed size is 5.3Mb
     sub-directories of 1Mb or more:
     libs 3.9Mb
Flavors: r-devel-linux-x86_64-fedora-clang, r-release-macos-arm64, r-release-macos-x86_64, r-oldrel-macos-x86_64