CRAN Package Check Results for Package errorizer

Last updated on 2021-11-29 22:59:10 CET.

Flavor Version Tinstall Tcheck Ttotal Status Flags
r-devel-linux-x86_64-debian-clang 0.2.1 1.92 20.92 22.84 NOTE
r-devel-linux-x86_64-debian-gcc 0.2.1 1.31 16.78 18.09 NOTE
r-devel-linux-x86_64-fedora-clang 0.2.1 40.37 NOTE
r-devel-linux-x86_64-fedora-gcc 0.2.1 28.85 NOTE
r-devel-windows-x86_64-new-UL 0.2.1 6.00 56.00 62.00 NOTE
r-devel-windows-x86_64-new-TK 0.2.1 NOTE
r-devel-windows-x86_64-old 0.2.1 4.00 32.00 36.00 NOTE
r-patched-linux-x86_64 0.2.1 1.84 19.87 21.71 NOTE
r-patched-solaris-x86 0.2.1 45.90 NOTE
r-release-linux-x86_64 0.2.1 1.83 20.46 22.29 NOTE
r-release-macos-arm64 0.2.1 NOTE
r-release-macos-x86_64 0.2.1 NOTE
r-release-windows-ix86+x86_64 0.2.1 6.00 29.00 35.00 NOTE
r-oldrel-macos-x86_64 0.2.1 OK
r-oldrel-windows-ix86+x86_64 0.2.1 4.00 33.00 37.00 NOTE

Check Details

Version: 0.2.1
Check: LazyData
Result: NOTE
     'LazyData' is specified without a 'data' directory
Flavors: r-devel-linux-x86_64-debian-clang, r-devel-linux-x86_64-debian-gcc, r-devel-linux-x86_64-fedora-clang, r-devel-linux-x86_64-fedora-gcc, r-devel-windows-x86_64-new-UL, r-devel-windows-x86_64-new-TK, r-devel-windows-x86_64-old, r-patched-linux-x86_64, r-patched-solaris-x86, r-release-linux-x86_64, r-release-macos-arm64, r-release-macos-x86_64, r-release-windows-ix86+x86_64

Version: 0.2.1
Check: package vignettes
Result: NOTE
    Package vignette with placeholder title 'Vignette Title':
     'errorize.Rmd'
Flavors: r-devel-linux-x86_64-debian-clang, r-devel-linux-x86_64-debian-gcc, r-devel-windows-x86_64-new-UL, r-devel-windows-x86_64-old, r-patched-linux-x86_64, r-release-linux-x86_64, r-release-windows-ix86+x86_64, r-oldrel-windows-ix86+x86_64