Last updated on 2023-09-26 23:04:12 CEST.
Flavor | Version | Tinstall | Tcheck | Ttotal | Status | Flags |
---|---|---|---|---|---|---|
r-devel-linux-x86_64-debian-clang | 0.0.3 | 42.05 | 31.14 | 73.19 | NOTE | |
r-devel-linux-x86_64-debian-gcc | 0.0.3 | 27.83 | 24.15 | 51.98 | NOTE | |
r-devel-linux-x86_64-fedora-clang | 0.0.3 | 98.87 | NOTE | |||
r-devel-linux-x86_64-fedora-gcc | 0.0.3 | 100.24 | NOTE | |||
r-devel-windows-x86_64 | 0.0.3 | 31.00 | 68.00 | 99.00 | NOTE | |
r-patched-linux-x86_64 | 0.0.3 | 36.94 | 30.27 | 67.21 | NOTE | |
r-release-linux-x86_64 | 0.0.3 | 35.79 | 30.31 | 66.10 | NOTE | |
r-release-macos-arm64 | 0.0.3 | 29.00 | NOTE | |||
r-release-macos-x86_64 | 0.0.3 | 47.00 | NOTE | |||
r-release-windows-x86_64 | 0.0.3 | 39.00 | 71.00 | 110.00 | NOTE | |
r-oldrel-macos-arm64 | 0.0.3 | 29.00 | NOTE | |||
r-oldrel-macos-x86_64 | 0.0.3 | 37.00 | NOTE | |||
r-oldrel-windows-x86_64 | 0.0.3 | 38.00 | 72.00 | 110.00 | NOTE |
Version: 0.0.3
Check: C++ specification
Result: NOTE
Specified C++11: please drop specification unless essential
Flavors: r-devel-linux-x86_64-debian-clang, r-devel-linux-x86_64-debian-gcc, r-devel-linux-x86_64-fedora-clang, r-devel-linux-x86_64-fedora-gcc, r-devel-windows-x86_64, r-patched-linux-x86_64, r-release-linux-x86_64, r-release-macos-arm64, r-release-macos-x86_64, r-release-windows-x86_64
Version: 0.0.3
Check: LazyData
Result: NOTE
'LazyData' is specified without a 'data' directory
Flavors: r-devel-linux-x86_64-debian-clang, r-devel-linux-x86_64-debian-gcc, r-devel-linux-x86_64-fedora-clang, r-devel-linux-x86_64-fedora-gcc, r-devel-windows-x86_64, r-patched-linux-x86_64, r-release-linux-x86_64, r-release-macos-arm64, r-release-macos-x86_64, r-release-windows-x86_64, r-oldrel-macos-arm64, r-oldrel-macos-x86_64, r-oldrel-windows-x86_64