CRAN Package Check Results for Package esc

Last updated on 2021-12-02 22:55:52 CET.

Flavor Version Tinstall Tcheck Ttotal Status Flags
r-devel-linux-x86_64-debian-clang 0.5.1 3.49 28.37 31.86 OK
r-devel-linux-x86_64-debian-gcc 0.5.1 2.81 21.90 24.71 OK
r-devel-linux-x86_64-fedora-clang 0.5.1 50.14 NOTE
r-devel-linux-x86_64-fedora-gcc 0.5.1 39.23 OK
r-devel-windows-x86_64-new-UL 0.5.1 11.00 59.00 70.00 OK
r-devel-windows-x86_64-new-TK 0.5.1 OK
r-devel-windows-x86_64-old 0.5.1 6.00 34.00 40.00 OK
r-patched-linux-x86_64 0.5.1 4.11 26.92 31.03 OK
r-patched-solaris-x86 0.5.1 54.90 OK
r-release-linux-x86_64 0.5.1 3.41 27.09 30.50 OK
r-release-macos-arm64 0.5.1 OK
r-release-macos-x86_64 0.5.1 OK
r-release-windows-ix86+x86_64 0.5.1 7.00 34.00 41.00 OK
r-oldrel-macos-x86_64 0.5.1 OK
r-oldrel-windows-ix86+x86_64 0.5.1 6.00 33.00 39.00 OK

Check Details

Version: 0.5.1
Check: Rd cross-references
Result: NOTE
    Undeclared package ‘metafor’ in Rd xrefs
Flavor: r-devel-linux-x86_64-fedora-clang