Last updated on 2023-10-02 22:07:58 CEST.
Flavor | Version | Tinstall | Tcheck | Ttotal | Status | Flags |
---|---|---|---|---|---|---|
r-devel-linux-x86_64-debian-clang | 0.1.2 | 10.05 | 75.84 | 85.89 | NOTE | |
r-devel-linux-x86_64-debian-gcc | 0.1.2 | 7.13 | 59.26 | 66.39 | NOTE | |
r-devel-linux-x86_64-fedora-clang | 0.1.2 | 104.57 | NOTE | |||
r-devel-linux-x86_64-fedora-gcc | 0.1.2 | 104.69 | NOTE | |||
r-devel-windows-x86_64 | 0.1.2 | 9.00 | 79.00 | 88.00 | NOTE | |
r-patched-linux-x86_64 | 0.1.2 | 10.12 | 75.64 | 85.76 | NOTE | |
r-release-linux-x86_64 | 0.1.2 | 7.82 | 76.90 | 84.72 | NOTE | |
r-release-macos-arm64 | 0.1.2 | 37.00 | NOTE | |||
r-release-macos-x86_64 | 0.1.2 | 54.00 | NOTE | |||
r-release-windows-x86_64 | 0.1.2 | 14.00 | 87.00 | 101.00 | NOTE | |
r-oldrel-macos-arm64 | 0.1.2 | 35.00 | NOTE | |||
r-oldrel-macos-x86_64 | 0.1.2 | 45.00 | NOTE | |||
r-oldrel-windows-x86_64 | 0.1.2 | 11.00 | 90.00 | 101.00 | NOTE |
Version: 0.1.2
Check: LazyData
Result: NOTE
'LazyData' is specified without a 'data' directory
Flavors: r-devel-linux-x86_64-debian-clang, r-devel-linux-x86_64-debian-gcc, r-devel-linux-x86_64-fedora-clang, r-devel-linux-x86_64-fedora-gcc, r-devel-windows-x86_64, r-patched-linux-x86_64, r-release-linux-x86_64, r-release-macos-arm64, r-release-macos-x86_64, r-release-windows-x86_64, r-oldrel-macos-arm64, r-oldrel-macos-x86_64, r-oldrel-windows-x86_64