CRAN Package Check Results for Package essurvey

Last updated on 2021-10-22 22:56:30 CEST.

Flavor Version Tinstall Tcheck Ttotal Status Flags
r-devel-linux-x86_64-debian-clang 1.0.7 2.82 28.63 31.45 NOTE
r-devel-linux-x86_64-debian-gcc 1.0.7 2.15 22.65 24.80 NOTE
r-devel-linux-x86_64-fedora-clang 1.0.7 51.34 NOTE
r-devel-linux-x86_64-fedora-gcc 1.0.7 38.39 NOTE
r-devel-windows-x86_64 1.0.7 5.00 49.00 54.00 NOTE
r-devel-windows-x86_64-gcc10-UCRT 1.0.7 NOTE
r-patched-linux-x86_64 1.0.7 3.39 27.74 31.13 NOTE
r-patched-solaris-x86 1.0.7 57.60 NOTE
r-release-linux-x86_64 1.0.7 2.94 27.76 30.70 NOTE
r-release-macos-arm64 1.0.7 NOTE
r-release-macos-x86_64 1.0.7 NOTE
r-release-windows-ix86+x86_64 1.0.7 6.00 41.00 47.00 NOTE
r-oldrel-macos-x86_64 1.0.7 OK
r-oldrel-windows-ix86+x86_64 1.0.7 7.00 45.00 52.00 OK

Check Details

Version: 1.0.7
Check: LazyData
Result: NOTE
     'LazyData' is specified without a 'data' directory
Flavors: r-devel-linux-x86_64-debian-clang, r-devel-linux-x86_64-debian-gcc, r-devel-linux-x86_64-fedora-clang, r-devel-linux-x86_64-fedora-gcc, r-devel-windows-x86_64, r-devel-windows-x86_64-gcc10-UCRT, r-patched-linux-x86_64, r-patched-solaris-x86, r-release-linux-x86_64, r-release-macos-arm64, r-release-macos-x86_64, r-release-windows-ix86+x86_64