CRAN Package Check Results for Package ether

Last updated on 2021-12-02 22:55:52 CET.

Flavor Version Tinstall Tcheck Ttotal Status Flags
r-devel-linux-x86_64-debian-clang 0.1.6 6.00 61.59 67.59 NOTE
r-devel-linux-x86_64-debian-gcc 0.1.6 4.19 45.80 49.99 NOTE
r-devel-linux-x86_64-fedora-clang 0.1.6 91.75 NOTE
r-devel-linux-x86_64-fedora-gcc 0.1.6 78.43 NOTE
r-devel-windows-x86_64-new-UL 0.1.6 15.00 105.00 120.00 NOTE
r-devel-windows-x86_64-new-TK 0.1.6 NOTE
r-devel-windows-x86_64-old 0.1.6 11.00 61.00 72.00 NOTE
r-patched-linux-x86_64 0.1.6 5.74 57.04 62.78 NOTE
r-patched-solaris-x86 0.1.6 111.20 NOTE
r-release-linux-x86_64 0.1.6 6.56 57.52 64.08 NOTE
r-release-macos-arm64 0.1.6 NOTE
r-release-macos-x86_64 0.1.6 NOTE
r-release-windows-ix86+x86_64 0.1.6 16.00 81.00 97.00 NOTE
r-oldrel-macos-x86_64 0.1.6 OK
r-oldrel-windows-ix86+x86_64 0.1.6 17.00 85.00 102.00 OK

Check Details

Version: 0.1.6
Check: LazyData
Result: NOTE
     'LazyData' is specified without a 'data' directory
Flavors: r-devel-linux-x86_64-debian-clang, r-devel-linux-x86_64-debian-gcc, r-devel-linux-x86_64-fedora-clang, r-devel-linux-x86_64-fedora-gcc, r-devel-windows-x86_64-new-UL, r-devel-windows-x86_64-new-TK, r-devel-windows-x86_64-old, r-patched-linux-x86_64, r-patched-solaris-x86, r-release-linux-x86_64, r-release-macos-arm64, r-release-macos-x86_64, r-release-windows-ix86+x86_64