CRAN Package Check Results for Package europepmc

Last updated on 2019-09-17 22:48:06 CEST.

Flavor Version Tinstall Tcheck Ttotal Status Flags
r-devel-linux-x86_64-debian-clang 0.3 4.79 53.35 58.14 OK
r-devel-linux-x86_64-debian-gcc 0.3 3.91 42.59 46.50 OK
r-devel-linux-x86_64-fedora-clang 0.3 71.91 OK
r-devel-linux-x86_64-fedora-gcc 0.3 67.13 WARN
r-devel-windows-ix86+x86_64 0.3 26.00 106.00 132.00 OK
r-patched-linux-x86_64 0.3 3.97 51.92 55.89 OK
r-patched-solaris-x86 0.3 99.90 OK
r-release-linux-x86_64 0.3 4.20 52.54 56.74 OK
r-release-windows-ix86+x86_64 0.3 10.00 113.00 123.00 OK
r-release-osx-x86_64 0.3 OK
r-oldrel-windows-ix86+x86_64 0.3 15.00 139.00 154.00 OK
r-oldrel-osx-x86_64 0.3 OK

Check Details

Version: 0.3
Check: re-building of vignette outputs
Result: WARN
    Error(s) in re-building vignettes:
    --- re-building ‘evergreenreviewgraphs.Rmd’ using rmarkdown
    
    Attaching package: 'dplyr'
    
    The following objects are masked from 'package:stats':
    
     filter, lag
    
    The following objects are masked from 'package:base':
    
     intersect, setdiff, setequal, union
    
    --- finished re-building ‘evergreenreviewgraphs.Rmd’
    
    Warning: elapsed-time limit of 30 minutes reached for sub-process
    --- re-building ‘introducing-europepmc.Rmd’ using rmarkdown
    176555 records found, returning 100
    173857 records found, returning 100
    1509 records found, returning 100
    1509 records found, returning 10
    1 records found, returning 1
    1 records found, returning 1
    1 records found, returning 1
    1 records found, returning 1
    10 records found, returning 10
    
    Quitting from lines 111-113 (introducing-europepmc.Rmd)
    Error: processing vignette 'introducing-europepmc.Rmd' failed with diagnostics:
    Operation was aborted by an application callback
    --- failed re-building ‘introducing-europepmc.Rmd’
    
    SUMMARY: processing the following file failed:
     ‘introducing-europepmc.Rmd’
    
    Error: Vignette re-building failed.
    Execution halted
Flavor: r-devel-linux-x86_64-fedora-gcc