CRAN Package Check Results for Package eurostat

Last updated on 2021-08-05 22:54:46 CEST.

Flavor Version Tinstall Tcheck Ttotal Status Flags
r-devel-linux-x86_64-debian-clang 3.7.5 12.17 92.80 104.97 OK
r-devel-linux-x86_64-debian-gcc 3.7.5 8.60 71.22 79.82 OK
r-devel-linux-x86_64-fedora-clang 3.7.5 137.20 NOTE
r-devel-linux-x86_64-fedora-gcc 3.7.5 121.35 NOTE
r-devel-windows-x86_64 3.7.5 16.00 110.00 126.00 OK
r-devel-windows-x86_64-gcc10-UCRT 3.7.5 ERROR
r-patched-linux-x86_64 3.7.5 10.70 88.92 99.62 OK
r-patched-solaris-x86 3.7.5 192.20 NOTE
r-release-linux-x86_64 3.7.5 11.91 88.58 100.49 OK
r-release-macos-arm64 3.7.5 NOTE
r-release-macos-x86_64 3.7.5 NOTE
r-release-windows-ix86+x86_64 3.7.5 23.00 115.00 138.00 OK
r-oldrel-macos-x86_64 3.7.5 NOTE
r-oldrel-windows-ix86+x86_64 3.7.5 24.00 115.00 139.00 OK

Check Details

Version: 3.7.5
Check: dependencies in R code
Result: NOTE
    Namespace in Imports field not imported from: ‘RColorBrewer’
     All declared Imports should be used.
Flavors: r-devel-linux-x86_64-fedora-clang, r-devel-linux-x86_64-fedora-gcc, r-patched-solaris-x86, r-release-macos-arm64, r-release-macos-x86_64, r-oldrel-macos-x86_64

Version: 3.7.5
Check: data for non-ASCII characters
Result: NOTE
     Note: found 1182 marked UTF-8 strings
Flavors: r-devel-linux-x86_64-fedora-clang, r-devel-linux-x86_64-fedora-gcc, r-patched-solaris-x86, r-release-macos-arm64, r-release-macos-x86_64, r-oldrel-macos-x86_64

Version: 3.7.5
Check: package dependencies
Result: ERROR
    Packages required but not available:
     'broom', 'dplyr', 'readr', 'sf', 'tibble', 'tidyr'
    
    Packages suggested but not available for checking:
     'ggplot2', 'roxygen2', 'rvest', 'testthat', 'tmap', 'usethis'
    
    See section 'The DESCRIPTION file' in the 'Writing R Extensions'
    manual.
Flavor: r-devel-windows-x86_64-gcc10-UCRT