CRAN Package Check Results for Package eurostat

Last updated on 2021-10-19 22:53:54 CEST.

Flavor Version Tinstall Tcheck Ttotal Status Flags
r-devel-linux-x86_64-debian-clang 3.7.5 10.81 91.44 102.25 OK
r-devel-linux-x86_64-debian-gcc 3.7.5 9.06 70.83 79.89 OK
r-devel-linux-x86_64-fedora-clang 3.7.5 141.23 NOTE
r-devel-linux-x86_64-fedora-gcc 3.7.5 122.42 NOTE
r-devel-windows-x86_64 3.7.5 17.00 115.00 132.00 OK
r-devel-windows-x86_64-gcc10-UCRT 3.7.5 NOTE
r-patched-linux-x86_64 3.7.5 12.00 88.33 100.33 OK
r-patched-solaris-x86 3.7.5 192.40 NOTE
r-release-linux-x86_64 3.7.5 9.88 88.70 98.58 OK
r-release-macos-arm64 3.7.5 NOTE
r-release-macos-x86_64 3.7.5 NOTE
r-release-windows-ix86+x86_64 3.7.5 24.00 113.00 137.00 OK
r-oldrel-macos-x86_64 3.7.5 NOTE
r-oldrel-windows-ix86+x86_64 3.7.5 24.00 119.00 143.00 OK

Check Details

Version: 3.7.5
Check: dependencies in R code
Result: NOTE
    Namespace in Imports field not imported from: ‘RColorBrewer’
     All declared Imports should be used.
Flavors: r-devel-linux-x86_64-fedora-clang, r-devel-linux-x86_64-fedora-gcc, r-devel-windows-x86_64-gcc10-UCRT, r-patched-solaris-x86, r-release-macos-arm64, r-release-macos-x86_64, r-oldrel-macos-x86_64

Version: 3.7.5
Check: data for non-ASCII characters
Result: NOTE
     Note: found 1182 marked UTF-8 strings
Flavors: r-devel-linux-x86_64-fedora-clang, r-devel-linux-x86_64-fedora-gcc, r-devel-windows-x86_64-gcc10-UCRT, r-patched-solaris-x86, r-release-macos-arm64, r-release-macos-x86_64, r-oldrel-macos-x86_64