CRAN Package Check Results for Package eva

Last updated on 2019-07-19 22:48:52 CEST.

Flavor Version Tinstall Tcheck Ttotal Status Flags
r-devel-linux-x86_64-debian-clang 0.2.5 9.30 89.26 98.56 OK
r-devel-linux-x86_64-debian-gcc 0.2.5 9.17 69.75 78.92 OK
r-devel-linux-x86_64-fedora-clang 0.2.5 120.68 NOTE
r-devel-linux-x86_64-fedora-gcc 0.2.5 121.81 NOTE
r-devel-windows-ix86+x86_64 0.2.5 25.00 95.00 120.00 OK
r-patched-linux-x86_64 0.2.5 11.85 87.23 99.08 OK
r-patched-solaris-x86 0.2.5 175.40 NOTE
r-release-linux-x86_64 0.2.5 11.30 87.86 99.16 OK
r-release-windows-ix86+x86_64 0.2.5 16.00 96.00 112.00 OK
r-release-osx-x86_64 0.2.5 NOTE
r-oldrel-windows-ix86+x86_64 0.2.5 13.00 119.00 132.00 OK
r-oldrel-osx-x86_64 0.2.5 NOTE

Check Details

Version: 0.2.5
Check: dependencies in R code
Result: NOTE
    Namespace in Imports field not imported from: ‘EnvStats’
     All declared Imports should be used.
Flavors: r-devel-linux-x86_64-fedora-clang, r-devel-linux-x86_64-fedora-gcc, r-patched-solaris-x86, r-release-osx-x86_64, r-oldrel-osx-x86_64