CRAN Package Check Results for Package evaluator

Last updated on 2021-09-18 10:52:39 CEST.

Flavor Version Tinstall Tcheck Ttotal Status Flags
r-devel-linux-x86_64-debian-clang 0.4.3 9.63 216.89 226.52 OK
r-devel-linux-x86_64-debian-gcc 0.4.3 8.60 149.74 158.34 OK
r-devel-linux-x86_64-fedora-clang 0.4.3 278.87 OK
r-devel-linux-x86_64-fedora-gcc 0.4.3 266.78 OK
r-devel-windows-x86_64 0.4.3 12.00 256.00 268.00 OK
r-devel-windows-x86_64-gcc10-UCRT 0.4.3 ERROR
r-patched-linux-x86_64 0.4.3 8.14 202.74 210.88 OK
r-patched-solaris-x86 0.4.3 213.90 OK
r-release-linux-x86_64 0.4.3 8.32 201.38 209.70 OK
r-release-macos-arm64 0.4.3 OK
r-release-macos-x86_64 0.4.3 OK
r-release-windows-ix86+x86_64 0.4.3 22.00 111.00 133.00 ERROR
r-oldrel-macos-x86_64 0.4.3 OK
r-oldrel-windows-ix86+x86_64 0.4.3 22.00 266.00 288.00 OK

Check Details

Version: 0.4.3
Check: tests
Result: ERROR
     Running 'spelling.R'
     Running 'testthat.R'
    Running the tests in 'tests/testthat.R' failed.
    Complete output:
     > library(testthat)
     > library(evaluator)
     >
     > # ensure phantom.js is available on CI platforms
     > if (Sys.getenv("NOT_CRAN", "") != "" || Sys.getenv("CI", "") != "") {
     + if (!shinytest::dependenciesInstalled()) shinytest:::installDependencies()
     + message("Using phantom.js from ", shinytest:::find_phantom(), "\n")
     + }
     >
     > test_check("evaluator")
     # Scenario model: openfair_tef_tc_diff_lm
     ══ Skipped tests ═══════════════════════════════════════════════════════════════
     • Not running MVA test - EVALUATOR_TEST_MVA not set (1)
     • On CRAN (1)
     • Shiny testing is awkward, consider moving to stand along pkg (1)
     • empty test (1)
    
     ══ Failed tests ════════════════════════════════════════════════════════════════
     ── Error (test-reports.R:19:1): (code run outside of `test_that()`) ────────────
     Error: Cannot open file for writing:
     * 'C:\msys64\home\tomas\ucrt3\svn\ucrt3\r_packages\pkgcheck\CRAN\evaluator\tmp\RtmpmOLuJc\inputs\qualitative_scenarios.csv'
     Backtrace:
     █
     1. └─readr::write_csv(...) test-reports.R:19:0
     2. └─readr::write_delim(...)
     3. └─vroom::vroom_write(...)
     4. └─vroom:::vroom_write_(...)
    
     [ FAIL 1 | WARN 1 | SKIP 4 | PASS 136 ]
     Error: Test failures
     Execution halted
Flavor: r-devel-windows-x86_64-gcc10-UCRT

Version: 0.4.3
Check: tests
Result: ERROR
     Running 'spelling.R' [0s]
     Running 'testthat.R' [32s]
    Running the tests in 'tests/testthat.R' failed.
    Complete output:
     > library(testthat)
     > library(evaluator)
     >
     > # ensure phantom.js is available on CI platforms
     > if (Sys.getenv("NOT_CRAN", "") != "" || Sys.getenv("CI", "") != "") {
     + if (!shinytest::dependenciesInstalled()) shinytest:::installDependencies()
     + message("Using phantom.js from ", shinytest:::find_phantom(), "\n")
     + }
     >
     > test_check("evaluator")
     # Scenario model: openfair_tef_tc_diff_lm
     == Skipped tests ===============================================================
     * Not running MVA test - EVALUATOR_TEST_MVA not set (1)
     * On CRAN (1)
     * Shiny testing is awkward, consider moving to stand along pkg (1)
     * empty test (1)
    
     == Failed tests ================================================================
     -- Error (test-reports.R:19:1): (code run outside of `test_that()`) ------------
     Error: Cannot open file for writing:
     * 'D:\temp\Rtmpu0UTH8\inputs\qualitative_scenarios.csv'
     Backtrace:
     x
     1. \-readr::write_csv(...) test-reports.R:19:0
     2. \-readr::write_delim(...)
     3. \-vroom::vroom_write(...)
     4. \-vroom:::vroom_write_(...)
    
     [ FAIL 1 | WARN 1 | SKIP 4 | PASS 136 ]
     Error: Test failures
     Execution halted
Flavor: r-release-windows-ix86+x86_64