Last updated on 2023-09-25 22:12:38 CEST.
Flavor | Version | Tinstall | Tcheck | Ttotal | Status | Flags |
---|---|---|---|---|---|---|
r-devel-linux-x86_64-debian-clang | 2.1.0 | 4.05 | 64.15 | 68.20 | NOTE | |
r-devel-linux-x86_64-debian-gcc | 2.1.0 | 2.60 | 49.53 | 52.13 | NOTE | |
r-devel-linux-x86_64-fedora-clang | 2.1.0 | 85.80 | NOTE | |||
r-devel-linux-x86_64-fedora-gcc | 2.1.0 | 82.83 | NOTE | |||
r-devel-windows-x86_64 | 2.1.0 | 5.00 | 78.00 | 83.00 | NOTE | |
r-patched-linux-x86_64 | 2.1.0 | 3.14 | 62.90 | 66.04 | NOTE | |
r-release-linux-x86_64 | 2.1.0 | 3.98 | 62.11 | 66.09 | NOTE | |
r-release-macos-arm64 | 2.1.0 | 32.00 | NOTE | |||
r-release-macos-x86_64 | 2.1.0 | 45.00 | NOTE | |||
r-release-windows-x86_64 | 2.1.0 | 5.00 | 73.00 | 78.00 | NOTE | |
r-oldrel-macos-arm64 | 2.1.0 | 32.00 | OK | |||
r-oldrel-macos-x86_64 | 2.1.0 | 39.00 | OK | |||
r-oldrel-windows-x86_64 | 2.1.0 | 6.00 | 83.00 | 89.00 | OK |
Version: 2.1.0
Check: Rd files
Result: NOTE
checkRd: (-1) calculateGLR.Rd:43: Escaped LaTeX specials: \&
Flavors: r-devel-linux-x86_64-debian-clang, r-devel-linux-x86_64-debian-gcc, r-devel-linux-x86_64-fedora-clang, r-devel-linux-x86_64-fedora-gcc, r-devel-windows-x86_64, r-patched-linux-x86_64, r-release-linux-x86_64, r-release-macos-arm64, r-release-macos-x86_64, r-release-windows-x86_64