CRAN Package Check Results for Package evobiR

Last updated on 2021-06-19 22:56:27 CEST.

Flavor Version Tinstall Tcheck Ttotal Status Flags
r-devel-linux-x86_64-debian-clang 1.1 10.78 95.94 106.72 NOTE
r-devel-linux-x86_64-debian-gcc 1.1 9.78 73.85 83.63 NOTE
r-devel-linux-x86_64-fedora-clang 1.1 151.47 NOTE
r-devel-linux-x86_64-fedora-gcc 1.1 140.63 NOTE
r-devel-windows-x86_64 1.1 19.00 99.00 118.00 OK
r-devel-windows-x86_64-gcc10-UCRT 1.1 OK
r-patched-linux-x86_64 1.1 11.02 94.70 105.72 NOTE
r-patched-solaris-x86 1.1 198.60 NOTE
r-release-linux-x86_64 1.1 10.17 93.92 104.09 NOTE
r-release-macos-arm64 1.1 OK
r-release-macos-x86_64 1.1 OK
r-release-windows-ix86+x86_64 1.1 28.00 130.00 158.00 OK
r-oldrel-macos-x86_64 1.1 OK
r-oldrel-windows-ix86+x86_64 1.1 22.00 118.00 140.00 OK

Check Details

Version: 1.1
Check: for non-standard things in the check directory
Result: NOTE
    Found the following files/directories:
     'sample .nwk'
Flavors: r-devel-linux-x86_64-debian-clang, r-devel-linux-x86_64-debian-gcc, r-devel-linux-x86_64-fedora-clang, r-devel-linux-x86_64-fedora-gcc, r-patched-linux-x86_64, r-patched-solaris-x86, r-release-linux-x86_64