Last updated on 2024-04-17 22:59:51 CEST.
Flavor | Version | Tinstall | Tcheck | Ttotal | Status | Flags |
---|---|---|---|---|---|---|
r-devel-linux-x86_64-debian-clang | 1.1 | 12.31 | 105.93 | 118.24 | NOTE | |
r-devel-linux-x86_64-debian-gcc | 1.1 | 8.41 | 77.62 | 86.03 | NOTE | |
r-devel-linux-x86_64-fedora-clang | 1.1 | 143.62 | NOTE | |||
r-devel-linux-x86_64-fedora-gcc | 1.1 | 137.77 | NOTE | |||
r-prerel-macos-arm64 | 1.1 | 43.00 | OK | |||
r-prerel-windows-x86_64 | 1.1 | 13.00 | 92.00 | 105.00 | OK | |
r-patched-linux-x86_64 | 1.1 | 10.33 | 100.07 | 110.40 | NOTE | |
r-release-linux-x86_64 | 1.1 | 13.16 | 105.67 | 118.83 | NOTE | |
r-release-macos-arm64 | 1.1 | 45.00 | OK | |||
r-release-macos-x86_64 | 1.1 | 73.00 | OK | |||
r-release-windows-x86_64 | 1.1 | 17.00 | 111.00 | 128.00 | OK | |
r-oldrel-macos-arm64 | 1.1 | 39.00 | OK | |||
r-oldrel-windows-x86_64 | 1.1 | 15.00 | 121.00 | 136.00 | OK |
Version: 1.1
Check: for non-standard things in the check directory
Result: NOTE
Found the following files/directories:
‘sample .nwk’
Flavors: r-devel-linux-x86_64-debian-clang, r-devel-linux-x86_64-debian-gcc, r-devel-linux-x86_64-fedora-clang, r-devel-linux-x86_64-fedora-gcc, r-patched-linux-x86_64, r-release-linux-x86_64