CRAN Package Check Results for Package evolvability

Last updated on 2021-05-15 22:50:09 CEST.

Flavor Version Tinstall Tcheck Ttotal Status Flags
r-devel-linux-x86_64-debian-clang 1.1.0 2.11 23.05 25.16 NOTE
r-devel-linux-x86_64-debian-gcc 1.1.0 1.87 17.91 19.78 NOTE
r-devel-linux-x86_64-fedora-clang 1.1.0 40.40 NOTE
r-devel-linux-x86_64-fedora-gcc 1.1.0 29.38 NOTE
r-devel-windows-ix86+x86_64 1.1.0 5.00 31.00 36.00 NOTE
r-devel-windows-x86_64-gcc10-UCRT 1.1.0 NOTE
r-patched-linux-x86_64 1.1.0 2.37 22.86 25.23 NOTE
r-patched-solaris-x86 1.1.0 45.20 NOTE
r-release-linux-x86_64 1.1.0 2.19 21.99 24.18 NOTE
r-release-macos-x86_64 1.1.0 NOTE
r-release-windows-ix86+x86_64 1.1.0 4.00 37.00 41.00 NOTE
r-oldrel-macos-x86_64 1.1.0 NOTE
r-oldrel-windows-ix86+x86_64 1.1.0 3.00 35.00 38.00 NOTE

Check Details

Version: 1.1.0
Check: R code for possible problems
Result: NOTE
    evolvabilityBetaMCMC : <anonymous>: no visible binding for global
     variable 'median'
    evolvabilityBetaMCMC: no visible binding for global variable 'median'
    evolvabilityBetaMCMC2: no visible binding for global variable 'median'
    evolvabilityMeans: no visible global function definition for 'var'
    evolvabilityMeansMCMC : <anonymous>: no visible global function
     definition for 'var'
    evolvabilityMeansMCMC: no visible binding for global variable 'median'
    randomBeta: no visible global function definition for 'rnorm'
    Undefined global functions or variables:
     median rnorm var
    Consider adding
     importFrom("stats", "median", "rnorm", "var")
    to your NAMESPACE file.
Flavors: r-devel-linux-x86_64-debian-clang, r-devel-linux-x86_64-debian-gcc, r-devel-linux-x86_64-fedora-clang, r-devel-linux-x86_64-fedora-gcc, r-devel-windows-ix86+x86_64, r-devel-windows-x86_64-gcc10-UCRT, r-patched-linux-x86_64, r-patched-solaris-x86, r-release-linux-x86_64, r-release-macos-x86_64, r-release-windows-ix86+x86_64, r-oldrel-macos-x86_64, r-oldrel-windows-ix86+x86_64