CRAN Package Check Results for Package exampletestr

Last updated on 2021-07-27 01:50:41 CEST.

Flavor Version Tinstall Tcheck Ttotal Status Flags
r-devel-linux-x86_64-debian-clang 1.6.3 3.69 60.85 64.54 OK
r-devel-linux-x86_64-debian-gcc 1.6.3 3.11 46.99 50.10 OK
r-devel-linux-x86_64-fedora-clang 1.6.3 83.80 OK
r-devel-linux-x86_64-fedora-gcc 1.6.3 73.55 OK
r-devel-windows-x86_64 1.6.3 7.00 92.00 99.00 ERROR
r-devel-windows-x86_64-gcc10-UCRT 1.6.3 OK
r-patched-linux-x86_64 1.6.3 3.88 57.94 61.82 OK
r-patched-solaris-x86 1.6.3 111.90 OK
r-release-linux-x86_64 1.6.3 2.44 57.87 60.31 OK
r-release-macos-arm64 1.6.3 OK
r-release-macos-x86_64 1.6.3 OK
r-release-windows-ix86+x86_64 1.6.3 9.00 83.00 92.00 OK
r-oldrel-macos-x86_64 1.6.3 OK
r-oldrel-windows-ix86+x86_64 1.6.3 7.00 85.00 92.00 ERROR

Check Details

Version: 1.6.3
Check: tests
Result: ERROR
     Running 'spelling.R' [0s]
     Running 'testthat.R' [25s]
    Running the tests in 'tests/testthat.R' failed.
    Complete output:
     > library(testthat)
     > library(exampletestr)
     >
     > get_os <- function() {
     + sysinf <- Sys.info()
     + if (!is.null(sysinf)) {
     + os <- sysinf["sysname"]
     + if (os == "Darwin") {
     + os <- "osx"
     + }
     + } else { ## mystery machine
     + os <- .Platform$OS.type
     + if (grepl("^darwin", R.version$os)) {
     + os <- "osx"
     + }
     + if (grepl("linux-gnu", R.version$os)) {
     + os <- "linux"
     + }
     + }
     + if (os == "osx") os <- "mac"
     + tolower(os)
     + }
     >
     > if (get_os() != "mac" || Sys.getenv("NOT_CRAN") == "true") {
     + test_check("exampletestr")
     + }
     Error : [EBUSY] Failed to remove 'D:/temp/RtmpsJG8wT/tmpkg/man/str_detect.Rd': resource busy or locked
     Error : [EBUSY] Failed to remove 'D:/temp/RtmpsJG8wT/file2246c19996077': resource busy or locked
     Error : [EBUSY] Failed to remove 'D:/temp/RtmpsJG8wT/file2246c143e38f0': resource busy or locked
     Error : [EBUSY] Failed to remove 'D:/temp/RtmpsJG8wT/file2246c188d3f71': resource busy or locked
     Error : [EBUSY] Failed to remove 'D:/temp/RtmpsJG8wT/tmpkg/DESCRIPTION': resource busy or locked
     == Skipped tests ===============================================================
     * On CRAN (1)
    
     == Failed tests ================================================================
     -- Error (test-example-extraction.R:30:3): `extract_examples()` works ----------
     Error: Cannot open file for writing:
     * 'D:\temp\RtmpsJG8wT\tmpkg\man\str_detect.Rd'
     Backtrace:
     x
     1. \-readr::write_lines(...) test-example-extraction.R:30:2
     2. \-vroom::vroom_write_lines(...)
     3. \-vroom::vroom_write(...)
     4. \-vroom:::vroom_write_(...)
     -- Error (test-utils.R:47:3): `check_for_DESCRIPTION()` works ------------------
     Error: [EBUSY] Failed to remove 'D:/temp/RtmpsJG8wT/tmpkg/DESCRIPTION': resource busy or locked
     Backtrace:
     x
     1. \-fs::file_delete(paste0(pkg_dir, "/DESCRIPTION")) test-utils.R:47:2
    
     [ FAIL 2 | WARN 0 | SKIP 1 | PASS 23 ]
     Error: Test failures
     Execution halted
Flavor: r-devel-windows-x86_64

Version: 1.6.3
Check: tests
Result: ERROR
     Running 'spelling.R' [0s]
     Running 'testthat.R' [23s]
    Running the tests in 'tests/testthat.R' failed.
    Complete output:
     > library(testthat)
     > library(exampletestr)
     >
     > get_os <- function() {
     + sysinf <- Sys.info()
     + if (!is.null(sysinf)) {
     + os <- sysinf["sysname"]
     + if (os == "Darwin") {
     + os <- "osx"
     + }
     + } else { ## mystery machine
     + os <- .Platform$OS.type
     + if (grepl("^darwin", R.version$os)) {
     + os <- "osx"
     + }
     + if (grepl("linux-gnu", R.version$os)) {
     + os <- "linux"
     + }
     + }
     + if (os == "osx") os <- "mac"
     + tolower(os)
     + }
     >
     > if (get_os() != "mac" || Sys.getenv("NOT_CRAN") == "true") {
     + test_check("exampletestr")
     + }
     Error : [EBUSY] Failed to remove 'D:/temp/RtmpqAiLqb/tmpkg/man/str_detect.Rd': resource busy or locked
     Error : [EBUSY] Failed to remove 'D:/temp/RtmpqAiLqb/file1e1f410007b33': resource busy or locked
     Error : [EBUSY] Failed to remove 'D:/temp/RtmpqAiLqb/file1e1f411d21cb': resource busy or locked
     Error : [EBUSY] Failed to remove 'D:/temp/RtmpqAiLqb/file1e1f41502483b': resource busy or locked
     Error : [EBUSY] Failed to remove 'D:/temp/RtmpqAiLqb/tmpkg/DESCRIPTION': resource busy or locked
     == Skipped tests ===============================================================
     * On CRAN (1)
    
     == Failed tests ================================================================
     -- Error (test-example-extraction.R:30:3): `extract_examples()` works ----------
     Error: Cannot open file for writing:
     * 'D:\temp\RtmpqAiLqb\tmpkg\man\str_detect.Rd'
     Backtrace:
     x
     1. \-readr::write_lines(...) test-example-extraction.R:30:2
     2. \-vroom::vroom_write_lines(...)
     3. \-vroom::vroom_write(...)
     4. \-vroom:::vroom_write_(...)
     -- Error (test-utils.R:47:3): `check_for_DESCRIPTION()` works ------------------
     Error: [EBUSY] Failed to remove 'D:/temp/RtmpqAiLqb/tmpkg/DESCRIPTION': resource busy or locked
     Backtrace:
     x
     1. \-fs::file_delete(paste0(pkg_dir, "/DESCRIPTION")) test-utils.R:47:2
    
     [ FAIL 2 | WARN 0 | SKIP 1 | PASS 23 ]
     Error: Test failures
     Execution halted
Flavor: r-oldrel-windows-ix86+x86_64