CRAN Package Check Results for Package exp2flux

Last updated on 2019-08-23 22:49:58 CEST.

Flavor Version Tinstall Tcheck Ttotal Status Flags
r-devel-linux-x86_64-debian-clang 0.1 18.01 164.17 182.18 OK
r-devel-linux-x86_64-debian-gcc 0.1 OK
r-devel-linux-x86_64-fedora-clang 0.1 221.94 OK
r-devel-linux-x86_64-fedora-gcc 0.1 220.75 OK
r-devel-windows-ix86+x86_64 0.1 38.00 143.00 181.00 OK
r-patched-linux-x86_64 0.1 20.85 156.69 177.54 OK
r-patched-solaris-x86 0.1 327.60 OK
r-release-linux-x86_64 0.1 18.58 153.71 172.29 OK
r-release-windows-ix86+x86_64 0.1 52.00 200.00 252.00 OK
r-release-osx-x86_64 0.1 ERROR
r-oldrel-windows-ix86+x86_64 0.1 31.00 209.00 240.00 OK
r-oldrel-osx-x86_64 0.1 OK

Check Details

Version: 0.1
Check: package dependencies
Result: ERROR
    Package required but not available: ‘gage’
    
    Package suggested but not available for checking: ‘Biobase’
    
    See section ‘The DESCRIPTION file’ in the ‘Writing R Extensions’
    manual.
Flavor: r-release-osx-x86_64