CRAN Package Check Results for Package exploreR

Last updated on 2024-06-19 22:54:39 CEST.

Flavor Version Tinstall Tcheck Ttotal Status Flags
r-devel-linux-x86_64-debian-clang 0.1 1.59 37.14 38.73 NOTE
r-devel-linux-x86_64-debian-gcc 0.1 1.73 27.87 29.60 NOTE
r-devel-linux-x86_64-fedora-clang 0.1 50.07 NOTE
r-devel-linux-x86_64-fedora-gcc 0.1 60.27 NOTE
r-devel-windows-x86_64 0.1 3.00 50.00 53.00 NOTE
r-patched-linux-x86_64 0.1 2.17 34.98 37.15 NOTE
r-release-linux-x86_64 0.1 2.48 34.53 37.01 NOTE
r-release-macos-arm64 0.1 25.00 NOTE
r-release-macos-x86_64 0.1 37.00 NOTE
r-release-windows-x86_64 0.1 4.00 49.00 53.00 NOTE
r-oldrel-macos-arm64 0.1 25.00 NOTE
r-oldrel-macos-x86_64 0.1 35.00 NOTE
r-oldrel-windows-x86_64 0.1 4.00 54.00 58.00 NOTE

Check Details

Version: 0.1
Check: LazyData
Result: NOTE 'LazyData' is specified without a 'data' directory Flavors: r-devel-linux-x86_64-debian-clang, r-devel-linux-x86_64-debian-gcc, r-devel-linux-x86_64-fedora-clang, r-devel-linux-x86_64-fedora-gcc, r-devel-windows-x86_64, r-patched-linux-x86_64, r-release-linux-x86_64, r-release-macos-arm64, r-release-macos-x86_64, r-release-windows-x86_64, r-oldrel-macos-arm64, r-oldrel-macos-x86_64, r-oldrel-windows-x86_64