CRAN Package Check Results for Package exploreR

Last updated on 2021-11-27 22:56:56 CET.

Flavor Version Tinstall Tcheck Ttotal Status Flags
r-devel-linux-x86_64-debian-clang 0.1 NOTE
r-devel-linux-x86_64-debian-gcc 0.1 1.80 25.44 27.24 NOTE
r-devel-linux-x86_64-fedora-clang 0.1 53.33 NOTE
r-devel-linux-x86_64-fedora-gcc 0.1 41.90 NOTE
r-devel-windows-x86_64-new-UL 0.1 7.00 73.00 80.00 NOTE
r-devel-windows-x86_64-new-TK 0.1 NOTE
r-devel-windows-x86_64-old 0.1 3.00 55.00 58.00 NOTE
r-patched-linux-x86_64 0.1 2.16 29.80 31.96 NOTE
r-patched-solaris-x86 0.1 54.20 NOTE
r-release-linux-x86_64 0.1 NOTE
r-release-macos-arm64 0.1 NOTE
r-release-macos-x86_64 0.1 NOTE
r-release-windows-ix86+x86_64 0.1 6.00 36.00 42.00 NOTE
r-oldrel-macos-x86_64 0.1 OK
r-oldrel-windows-ix86+x86_64 0.1 14.00 48.00 62.00 OK

Check Details

Version: 0.1
Check: LazyData
Result: NOTE
     'LazyData' is specified without a 'data' directory
Flavors: r-devel-linux-x86_64-debian-clang, r-devel-linux-x86_64-debian-gcc, r-devel-linux-x86_64-fedora-clang, r-devel-linux-x86_64-fedora-gcc, r-devel-windows-x86_64-new-UL, r-devel-windows-x86_64-new-TK, r-devel-windows-x86_64-old, r-patched-linux-x86_64, r-patched-solaris-x86, r-release-linux-x86_64, r-release-macos-arm64, r-release-macos-x86_64, r-release-windows-ix86+x86_64