Last updated on 2023-09-23 23:00:45 CEST.
Flavor | Version | Tinstall | Tcheck | Ttotal | Status | Flags |
---|---|---|---|---|---|---|
r-devel-linux-x86_64-debian-clang | 0.1 | 1.70 | 35.29 | 36.99 | NOTE | |
r-devel-linux-x86_64-debian-gcc | 0.1 | 1.43 | 27.14 | 28.57 | NOTE | |
r-devel-linux-x86_64-fedora-clang | 0.1 | 47.11 | NOTE | |||
r-devel-linux-x86_64-fedora-gcc | 0.1 | 56.59 | NOTE | |||
r-devel-windows-x86_64 | 0.1 | 3.00 | 49.00 | 52.00 | NOTE | |
r-patched-linux-x86_64 | 0.1 | 2.39 | 33.06 | 35.45 | NOTE | |
r-release-linux-x86_64 | 0.1 | 2.10 | 33.07 | 35.17 | NOTE | |
r-release-macos-arm64 | 0.1 | 25.00 | NOTE | |||
r-release-macos-x86_64 | 0.1 | 35.00 | NOTE | |||
r-release-windows-x86_64 | 0.1 | 3.00 | 52.00 | 55.00 | NOTE | |
r-oldrel-macos-arm64 | 0.1 | 20.00 | NOTE | |||
r-oldrel-macos-x86_64 | 0.1 | 35.00 | NOTE | |||
r-oldrel-windows-x86_64 | 0.1 | 3.00 | 53.00 | 56.00 | NOTE |
Version: 0.1
Check: LazyData
Result: NOTE
'LazyData' is specified without a 'data' directory
Flavors: r-devel-linux-x86_64-debian-clang, r-devel-linux-x86_64-debian-gcc, r-devel-linux-x86_64-fedora-clang, r-devel-linux-x86_64-fedora-gcc, r-devel-windows-x86_64, r-patched-linux-x86_64, r-release-linux-x86_64, r-release-macos-arm64, r-release-macos-x86_64, r-release-windows-x86_64, r-oldrel-macos-arm64, r-oldrel-macos-x86_64, r-oldrel-windows-x86_64