CRAN Package Check Results for Package extdplyr

Last updated on 2021-12-06 21:51:13 CET.

Flavor Version Tinstall Tcheck Ttotal Status Flags
r-devel-linux-x86_64-debian-clang 0.1.5 3.63 51.78 55.41 NOTE
r-devel-linux-x86_64-debian-gcc 0.1.5 3.43 39.50 42.93 NOTE
r-devel-linux-x86_64-fedora-clang 0.1.5 67.26 NOTE
r-devel-linux-x86_64-fedora-gcc 0.1.5 54.91 NOTE
r-devel-windows-x86_64-new-UL 0.1.5 11.00 79.00 90.00 NOTE
r-devel-windows-x86_64-new-TK 0.1.5 NOTE
r-devel-windows-x86_64-old 0.1.5 9.00 44.00 53.00 NOTE
r-patched-linux-x86_64 0.1.5 4.18 40.52 44.70 NOTE
r-release-linux-x86_64 0.1.5 4.16 47.57 51.73 NOTE
r-release-macos-arm64 0.1.5 NOTE
r-release-macos-x86_64 0.1.5 NOTE
r-release-windows-ix86+x86_64 0.1.5 11.00 60.00 71.00 NOTE
r-oldrel-macos-x86_64 0.1.5 OK
r-oldrel-windows-ix86+x86_64 0.1.5 11.00 61.00 72.00 OK

Check Details

Version: 0.1.5
Check: LazyData
Result: NOTE
     'LazyData' is specified without a 'data' directory
Flavors: r-devel-linux-x86_64-debian-clang, r-devel-linux-x86_64-debian-gcc, r-devel-linux-x86_64-fedora-clang, r-devel-linux-x86_64-fedora-gcc, r-devel-windows-x86_64-new-UL, r-devel-windows-x86_64-new-TK, r-devel-windows-x86_64-old, r-patched-linux-x86_64, r-release-linux-x86_64, r-release-macos-arm64, r-release-macos-x86_64, r-release-windows-ix86+x86_64